{"id":20159,"date":"2026-01-11T10:43:51","date_gmt":"2026-01-11T09:43:51","guid":{"rendered":"https:\/\/www.cittadellaeditrice.com\/munera\/?page_id=20159"},"modified":"2026-01-11T10:43:51","modified_gmt":"2026-01-11T09:43:51","slug":"munera-3-2025-emanuele-bordello-vissuta-nel-quotidiano-la-riflessione-di-papa-francesco-sulla-santita-da-un-punto-di-vista-monastico","status":"publish","type":"page","link":"https:\/\/www.cittadellaeditrice.com\/munera\/tutti-gli-articoli\/munera-3-2025-emanuele-bordello-vissuta-nel-quotidiano-la-riflessione-di-papa-francesco-sulla-santita-da-un-punto-di-vista-monastico\/","title":{"rendered":"Munera 3\/2025 \u2013 Emanuele Bordello \u00bb Vissuta nel quotidiano. La riflessione di papa Francesco sulla santit\u00e0 da un punto di vista monastico"},"content":{"rendered":"<p>Un tema importante\u00a0per papa Francesco, anche se non il pi\u00f9 eclatante\u00a0nei dibattiti,\u00a0\u00e8\u00a0quello della\u00a0<em>santit\u00e0<\/em>, intesa\u00a0meno come virt\u00f9 eroica di individualit\u00e0 eccezionali e pi\u00f9\u00a0come santit\u00e0\u00a0ordinaria\u00a0del\u00a0Popolo di Dio\u00a0(<em>Evangelii\u00a0Gaudium<\/em>\u00a0119,\u00a0d\u2019ora in poi:\u00a0EG;\u00a0<em>Gaudete et\u00a0Exsultate<\/em>\u00a06-9,\u00a0d\u2019ora in poi: GE), santit\u00e0 delle persone comuni che accettano la logica del bene che si\u00a0dona\u00a0(EG\u00a09),\u00a0evitando\u00a0la \u00abtristezza individualistica\u00bb del cuore ripiegato su di s\u00e9\u00a0(EG 2).\u00a0Dalla prima\u00a0Esortazione apostolicaprogrammatica\u00a0fino alla sua\u00a0ultima\u00a0Enciclica,\u00a0in antitesi a una \u00abspiritualit\u00e0 senza carne\u00bb (<em>Dilexit\u00a0nos<\/em>\u00a087),\u00a0papa Francesco ha\u00a0esortato i credenti a\u00a0un amore concreto, incarnato\u00a0nella vita quotidiana.\u00a0\u00abTutti\u00a0\u2013 afferma \u2013\u00a0siamo chiamati ad essere santi vivendo con amore e offrendo ciascuno la\u00a0propria\u00a0testimonianza nelle occupazioni di ogni giorno\u00bb (GE\u00a014).\u00a0Vorrei proporre una lettura di questo tema\u00a0in\u00a0<em>Gaudete et\u00a0Exsultate<\/em>\u00a0(2018),\u00a0conalcune risonanze\u00a0nell\u2019esperienza\u00a0monastica\u00a0benedettina, alla cui tradizione appartengo.<\/p>\n<p style=\"text-align: center;\"><a title=\"Acquista\" href=\"javascript:formcompra('4313',1);\"><img alt=\"Acquista l'articolo\" src=\"https:\/\/www.cittadellaeditrice.com\/munera\/wp-content\/uploads\/ico_acquista_digitale.jpg\" width=\"54\" height=\"54\" \/><\/a>\n<br \/><a title=\"Acquista\" href=\"javascript:formcompra('4313','1');\"> per continuare a leggere acquista questo articolo<\/a><\/p><p style=\"text-align:center\"><a href=\"https:\/\/www.cittadellaeditrice.com\/digital\/account\/\">Utente biblioteche abbonate: clicca qui \u00bb<\/a><\/p>","protected":false},"excerpt":{"rendered":"<p>Un tema importante\u00a0per papa Francesco, anche se non il pi\u00f9 eclatante\u00a0nei dibattiti,\u00a0\u00e8\u00a0quello della\u00a0santit\u00e0, intesa\u00a0meno come virt\u00f9 eroica di individualit\u00e0 eccezionali e pi\u00f9\u00a0come santit\u00e0\u00a0ordinaria\u00a0del\u00a0Popolo di Dio\u00a0(Evangelii\u00a0Gaudium\u00a0119,\u00a0d\u2019ora in poi:\u00a0EG;\u00a0Gaudete et\u00a0Exsultate\u00a06-9,\u00a0d\u2019ora in poi: GE), santit\u00e0 delle persone comuni&#8230;<\/p>\n","protected":false},"author":1,"featured_media":0,"parent":2840,"menu_order":0,"comment_status":"closed","ping_status":"closed","template":"","meta":[],"categories":[509],"tags":[828,595,208,829],"_links":{"self":[{"href":"https:\/\/www.cittadellaeditrice.com\/munera\/wp-json\/wp\/v2\/pages\/20159"}],"collection":[{"href":"https:\/\/www.cittadellaeditrice.com\/munera\/wp-json\/wp\/v2\/pages"}],"about":[{"href":"https:\/\/www.cittadellaeditrice.com\/munera\/wp-json\/wp\/v2\/types\/page"}],"author":[{"embeddable":true,"href":"https:\/\/www.cittadellaeditrice.com\/munera\/wp-json\/wp\/v2\/users\/1"}],"replies":[{"embeddable":true,"href":"https:\/\/www.cittadellaeditrice.com\/munera\/wp-json\/wp\/v2\/comments?post=20159"}],"version-history":[{"count":1,"href":"https:\/\/www.cittadellaeditrice.com\/munera\/wp-json\/wp\/v2\/pages\/20159\/revisions"}],"predecessor-version":[{"id":20160,"href":"https:\/\/www.cittadellaeditrice.com\/munera\/wp-json\/wp\/v2\/pages\/20159\/revisions\/20160"}],"up":[{"embeddable":true,"href":"https:\/\/www.cittadellaeditrice.com\/munera\/wp-json\/wp\/v2\/pages\/2840"}],"wp:attachment":[{"href":"https:\/\/www.cittadellaeditrice.com\/munera\/wp-json\/wp\/v2\/media?parent=20159"}],"wp:term":[{"taxonomy":"category","embeddable":true,"href":"https:\/\/www.cittadellaeditrice.com\/munera\/wp-json\/wp\/v2\/categories?post=20159"},{"taxonomy":"post_tag","embeddable":true,"href":"https:\/\/www.cittadellaeditrice.com\/munera\/wp-json\/wp\/v2\/tags?post=20159"}],"curies":[{"name":"wp","href":"https:\/\/api.w.org\/{rel}","templated":true}]}}