{"id":20157,"date":"2026-01-11T10:42:43","date_gmt":"2026-01-11T09:42:43","guid":{"rendered":"https:\/\/www.cittadellaeditrice.com\/munera\/?page_id=20157"},"modified":"2026-01-11T10:42:43","modified_gmt":"2026-01-11T09:42:43","slug":"munera-3-2025-stefano-biancu-papa-francesco-limpegno-di-uneredita","status":"publish","type":"page","link":"https:\/\/www.cittadellaeditrice.com\/munera\/munera-3-2025-stefano-biancu-papa-francesco-limpegno-di-uneredita\/","title":{"rendered":"Munera 3\/2025 \u2013 Stefano Biancu \u00bb Papa Francesco. L\u2019impegno di un\u2019eredit\u00e0"},"content":{"rendered":"<p>Di papa Francesco molto \u00e8 stato detto fin dal giorno della sua elezione e da quel \u201cBuonasera\u201d cos\u00ec dirompente nella sua semplicit\u00e0.\u00a0Verosimilmente, molto dovr\u00e0 ancora essere detto, e ci vorr\u00e0 certo del tempo per un bilancio complessivo e il pi\u00f9 possibile oggettivo. Eppure, non possiamo\u00a0aspettare troppo: nell\u2019eredit\u00e0 che ci ha lasciato, come credenti e\u00a0come donne e uomini del nostro tempo, \u00e8 come se fosse contenuta\u00a0un\u2019urgenza.\u00a0Gli storici si prendano tutto il tempo necessario. Noi, fin da ora,\u00a0non possiamo non fermarci e non lasciarci interrogare. Non per celebrare un uomo straordinario, quale \u00e8 senza dubbio stato, ma per\u00a0avere la misura dell\u2019impegno che ci ha indicato e che dunque, da\u00a0subito, ci attende. Mi propongo di provare a indicare, a partire dalle\u00a0sollecitazioni di papa Francesco, alcuni ambiti di questo impegno.<\/p>\n<p style=\"text-align: center;\"><a title=\"Acquista\" href=\"javascript:formcompra('4312',1);\"><img alt=\"Acquista l'articolo\" src=\"https:\/\/www.cittadellaeditrice.com\/munera\/wp-content\/uploads\/ico_acquista_digitale.jpg\" width=\"54\" height=\"54\" \/><\/a>\n<br \/><a title=\"Acquista\" href=\"javascript:formcompra('4312','1');\"> per continuare a leggere acquista questo articolo<\/a><\/p><p style=\"text-align:center\"><a href=\"https:\/\/www.cittadellaeditrice.com\/digital\/account\/\">Utente biblioteche abbonate: clicca qui \u00bb<\/a><\/p>","protected":false},"excerpt":{"rendered":"<p>Di papa Francesco molto \u00e8 stato detto fin dal giorno della sua elezione e da quel \u201cBuonasera\u201d cos\u00ec dirompente nella sua semplicit\u00e0.\u00a0Verosimilmente, molto dovr\u00e0 ancora essere detto, e ci vorr\u00e0 certo del tempo per un&#8230;<\/p>\n","protected":false},"author":1,"featured_media":0,"parent":0,"menu_order":0,"comment_status":"closed","ping_status":"closed","template":"","meta":[],"categories":[41],"tags":[828,208],"_links":{"self":[{"href":"https:\/\/www.cittadellaeditrice.com\/munera\/wp-json\/wp\/v2\/pages\/20157"}],"collection":[{"href":"https:\/\/www.cittadellaeditrice.com\/munera\/wp-json\/wp\/v2\/pages"}],"about":[{"href":"https:\/\/www.cittadellaeditrice.com\/munera\/wp-json\/wp\/v2\/types\/page"}],"author":[{"embeddable":true,"href":"https:\/\/www.cittadellaeditrice.com\/munera\/wp-json\/wp\/v2\/users\/1"}],"replies":[{"embeddable":true,"href":"https:\/\/www.cittadellaeditrice.com\/munera\/wp-json\/wp\/v2\/comments?post=20157"}],"version-history":[{"count":1,"href":"https:\/\/www.cittadellaeditrice.com\/munera\/wp-json\/wp\/v2\/pages\/20157\/revisions"}],"predecessor-version":[{"id":20158,"href":"https:\/\/www.cittadellaeditrice.com\/munera\/wp-json\/wp\/v2\/pages\/20157\/revisions\/20158"}],"wp:attachment":[{"href":"https:\/\/www.cittadellaeditrice.com\/munera\/wp-json\/wp\/v2\/media?parent=20157"}],"wp:term":[{"taxonomy":"category","embeddable":true,"href":"https:\/\/www.cittadellaeditrice.com\/munera\/wp-json\/wp\/v2\/categories?post=20157"},{"taxonomy":"post_tag","embeddable":true,"href":"https:\/\/www.cittadellaeditrice.com\/munera\/wp-json\/wp\/v2\/tags?post=20157"}],"curies":[{"name":"wp","href":"https:\/\/api.w.org\/{rel}","templated":true}]}}