{"id":19887,"date":"2025-07-17T20:05:21","date_gmt":"2025-07-17T18:05:21","guid":{"rendered":"https:\/\/www.cittadellaeditrice.com\/munera\/?page_id=19887"},"modified":"2025-07-17T20:05:21","modified_gmt":"2025-07-17T18:05:21","slug":"munera-2-2025-maria-inglese-tra-organizzazione-cura-e-formazione","status":"publish","type":"page","link":"https:\/\/www.cittadellaeditrice.com\/munera\/tutti-gli-articoli\/munera-2-2025-maria-inglese-tra-organizzazione-cura-e-formazione\/","title":{"rendered":"Munera 2\/2025 \u2013 Maria Inglese \u00bb Tra organizzazione, cura e formazione"},"content":{"rendered":"<p>Mi \u00e8 stato chiesto di approfondire il tema della formazione, e cercher\u00f2 di stabilire un legame tra le parole organizzazione, cura e, appunto, formazione. Nella modalit\u00e0 del formare-formandosi di Freire e della hooks c\u2019\u00e8 in gioco la gioia dell\u2019apprendimento, un apprendimento che genera emancipazione, autonomia, esplorazioni inedite, apertura a un sapere che ancora non esiste. Si insegna a praticare la curiosit\u00e0 come inquietudine, come inclinazione, come domanda trasformata, come dialogo trasformativo che d\u00e0 ospitalit\u00e0 anche alla rabbia dei dannati della terra, degli esclusi, dei marginalizzati.<\/p>\n<p style=\"text-align: center;\"><a title=\"Acquista\" href=\"javascript:formcompra('4266',1);\"><img alt=\"Acquista l'articolo\" src=\"https:\/\/www.cittadellaeditrice.com\/munera\/wp-content\/uploads\/ico_acquista_digitale.jpg\" width=\"54\" height=\"54\" \/><\/a>\n<br \/><a title=\"Acquista\" href=\"javascript:formcompra('4266','1');\"> per continuare a leggere acquista questo articolo<\/a><\/p><p style=\"text-align:center\"><a href=\"https:\/\/www.cittadellaeditrice.com\/digital\/account\/\">Utente biblioteche abbonate: clicca qui \u00bb<\/a><\/p>","protected":false},"excerpt":{"rendered":"<p>Mi \u00e8 stato chiesto di approfondire il tema della formazione, e cercher\u00f2 di stabilire un legame tra le parole organizzazione, cura e, appunto, formazione. Nella modalit\u00e0 del formare-formandosi di Freire e della hooks c\u2019\u00e8 in&#8230;<\/p>\n","protected":false},"author":1,"featured_media":0,"parent":2840,"menu_order":0,"comment_status":"closed","ping_status":"closed","template":"","meta":[],"categories":[821],"tags":[819,326,320,629,379,319],"_links":{"self":[{"href":"https:\/\/www.cittadellaeditrice.com\/munera\/wp-json\/wp\/v2\/pages\/19887"}],"collection":[{"href":"https:\/\/www.cittadellaeditrice.com\/munera\/wp-json\/wp\/v2\/pages"}],"about":[{"href":"https:\/\/www.cittadellaeditrice.com\/munera\/wp-json\/wp\/v2\/types\/page"}],"author":[{"embeddable":true,"href":"https:\/\/www.cittadellaeditrice.com\/munera\/wp-json\/wp\/v2\/users\/1"}],"replies":[{"embeddable":true,"href":"https:\/\/www.cittadellaeditrice.com\/munera\/wp-json\/wp\/v2\/comments?post=19887"}],"version-history":[{"count":1,"href":"https:\/\/www.cittadellaeditrice.com\/munera\/wp-json\/wp\/v2\/pages\/19887\/revisions"}],"predecessor-version":[{"id":19889,"href":"https:\/\/www.cittadellaeditrice.com\/munera\/wp-json\/wp\/v2\/pages\/19887\/revisions\/19889"}],"up":[{"embeddable":true,"href":"https:\/\/www.cittadellaeditrice.com\/munera\/wp-json\/wp\/v2\/pages\/2840"}],"wp:attachment":[{"href":"https:\/\/www.cittadellaeditrice.com\/munera\/wp-json\/wp\/v2\/media?parent=19887"}],"wp:term":[{"taxonomy":"category","embeddable":true,"href":"https:\/\/www.cittadellaeditrice.com\/munera\/wp-json\/wp\/v2\/categories?post=19887"},{"taxonomy":"post_tag","embeddable":true,"href":"https:\/\/www.cittadellaeditrice.com\/munera\/wp-json\/wp\/v2\/tags?post=19887"}],"curies":[{"name":"wp","href":"https:\/\/api.w.org\/{rel}","templated":true}]}}