{"id":19563,"date":"2024-10-06T13:12:26","date_gmt":"2024-10-06T11:12:26","guid":{"rendered":"https:\/\/www.cittadellaeditrice.com\/munera\/?page_id=19563"},"modified":"2024-10-06T13:12:26","modified_gmt":"2024-10-06T11:12:26","slug":"munera-3-2024-christophe-carraud-uno-stupore-davanti-a-tanta-precipitazione","status":"publish","type":"page","link":"https:\/\/www.cittadellaeditrice.com\/munera\/tutti-gli-articoli\/munera-3-2024-christophe-carraud-uno-stupore-davanti-a-tanta-precipitazione\/","title":{"rendered":"Munera 3\/2024 \u2013 Christophe Carraud \u00bb Uno stupore davanti a tanta precipitazione"},"content":{"rendered":"<p>Si parla molto, in questi ultimi tempi, di fine del mondo. Tuttavia, occorre fare un po\u2019 di chiarezza e ricordare ci\u00f2 che \u00e8 evidente: parlare di fine del mondo significa ammettere che non si conosce ci\u00f2 di cui si parla; lo si conoscerebbe, del resto, soltanto a cose fatte, se solo una cosa del genere fosse concepibile. E, ad essere precisi, non lo \u00e8 (\u201c\u00c8 andato dunque tutto bene?\u201d). L\u2019a posteriori, cio\u00e8 la storia, non ha possibilit\u00e0 di esistere in questo caso.\u00a0 Eppure, se ne pu\u00f2 parlare con cognizione di cause(e). Senza contare che, se vogliamo soffermarci un attimo sulla parola, scopriremo che c\u2019\u00e8 effettivamente una giuridicit\u00e0 della fine. Ci ritorneremo pi\u00f9 avanti.<\/p>\n<p style=\"text-align: center;\"><a title=\"Acquista\" href=\"javascript:formcompra('4067',1);\"><img alt=\"Acquista l'articolo\" src=\"https:\/\/www.cittadellaeditrice.com\/munera\/wp-content\/uploads\/ico_acquista_digitale.jpg\" width=\"54\" height=\"54\" \/><\/a>\n<br \/><a title=\"Acquista\" href=\"javascript:formcompra('4067','1');\"> per continuare a leggere acquista questo articolo<\/a><\/p><p style=\"text-align:center\"><a href=\"https:\/\/www.cittadellaeditrice.com\/digital\/account\/\">Utente biblioteche abbonate: clicca qui \u00bb<\/a><\/p>","protected":false},"excerpt":{"rendered":"<p>Si parla molto, in questi ultimi tempi, di fine del mondo. Tuttavia, occorre fare un po\u2019 di chiarezza e ricordare ci\u00f2 che \u00e8 evidente: parlare di fine del mondo significa ammettere che non si conosce&#8230;<\/p>\n","protected":false},"author":1,"featured_media":0,"parent":2840,"menu_order":0,"comment_status":"closed","ping_status":"closed","template":"","meta":[],"categories":[806],"tags":[250,6,807],"_links":{"self":[{"href":"https:\/\/www.cittadellaeditrice.com\/munera\/wp-json\/wp\/v2\/pages\/19563"}],"collection":[{"href":"https:\/\/www.cittadellaeditrice.com\/munera\/wp-json\/wp\/v2\/pages"}],"about":[{"href":"https:\/\/www.cittadellaeditrice.com\/munera\/wp-json\/wp\/v2\/types\/page"}],"author":[{"embeddable":true,"href":"https:\/\/www.cittadellaeditrice.com\/munera\/wp-json\/wp\/v2\/users\/1"}],"replies":[{"embeddable":true,"href":"https:\/\/www.cittadellaeditrice.com\/munera\/wp-json\/wp\/v2\/comments?post=19563"}],"version-history":[{"count":1,"href":"https:\/\/www.cittadellaeditrice.com\/munera\/wp-json\/wp\/v2\/pages\/19563\/revisions"}],"predecessor-version":[{"id":19564,"href":"https:\/\/www.cittadellaeditrice.com\/munera\/wp-json\/wp\/v2\/pages\/19563\/revisions\/19564"}],"up":[{"embeddable":true,"href":"https:\/\/www.cittadellaeditrice.com\/munera\/wp-json\/wp\/v2\/pages\/2840"}],"wp:attachment":[{"href":"https:\/\/www.cittadellaeditrice.com\/munera\/wp-json\/wp\/v2\/media?parent=19563"}],"wp:term":[{"taxonomy":"category","embeddable":true,"href":"https:\/\/www.cittadellaeditrice.com\/munera\/wp-json\/wp\/v2\/categories?post=19563"},{"taxonomy":"post_tag","embeddable":true,"href":"https:\/\/www.cittadellaeditrice.com\/munera\/wp-json\/wp\/v2\/tags?post=19563"}],"curies":[{"name":"wp","href":"https:\/\/api.w.org\/{rel}","templated":true}]}}