{"id":18965,"date":"2024-01-30T12:01:47","date_gmt":"2024-01-30T11:01:47","guid":{"rendered":"https:\/\/www.cittadellaeditrice.com\/munera\/?page_id=18965"},"modified":"2024-01-30T12:01:47","modified_gmt":"2024-01-30T11:01:47","slug":"munera-3-2023-stefano-biancu-idee-per-unetica-dellautorita","status":"publish","type":"page","link":"https:\/\/www.cittadellaeditrice.com\/munera\/munera-3-2023-stefano-biancu-idee-per-unetica-dellautorita\/","title":{"rendered":"Munera 3\/2023 &#8211; Stefano Biancu \u00bb Idee per un\u2019etica dell\u2019autorit\u00e0"},"content":{"rendered":"<p>La crisi dell\u2019autorit\u00e0 \u00e8 ormai un luogo comune. Difficile trovare un ambito della vita sociale e civile che non ne sia in qualche modo toccato: la famiglia, la scuola, la politica, la scienza, la religione. E molti altri ancora.<\/p>\n<p>E tuttavia non \u00e8 affatto facile parlare di autorit\u00e0: per varie ragioni, la nozione genera sospetto. Si tratta di un sospetto riconducibile a un\u2019alternativa, apparentemente di senso comune, con la libert\u00e0. Chi non sarebbe d\u2019accordo con l\u2019affermazione secondo la quale vi \u00e8 tanta pi\u00f9 libert\u00e0 quanto meno vi \u00e8 autorit\u00e0?<\/p>\n<p>Eppure, l\u2019alternativa netta tra autorit\u00e0 e libert\u00e0 non \u00e8 evidente come sembra. E non \u00e8 neppure del tutto giustificata. Essa appare, infatti, in gran parte riconducibile a un appiattimento dei due termini sulla loro configurazione politica.<\/p>\n<p style=\"text-align: center;\"><a title=\"Acquista\" href=\"javascript:formcompra('3921',1);\"><img alt=\"Acquista l'articolo\" src=\"https:\/\/www.cittadellaeditrice.com\/munera\/wp-content\/uploads\/ico_acquista_digitale.jpg\" width=\"54\" height=\"54\" \/><\/a>\n<br \/><a title=\"Acquista\" href=\"javascript:formcompra('3921','1');\"> per continuare a leggere acquista questo articolo<\/a><\/p><p style=\"text-align:center\"><a href=\"https:\/\/www.cittadellaeditrice.com\/digital\/account\/\">Utente biblioteche abbonate: clicca qui \u00bb<\/a><\/p>","protected":false},"excerpt":{"rendered":"<p>La crisi dell\u2019autorit\u00e0 \u00e8 ormai un luogo comune. Difficile trovare un ambito della vita sociale e civile che non ne sia in qualche modo toccato: la famiglia, la scuola, la politica, la scienza, la religione&#8230;.<\/p>\n","protected":false},"author":1,"featured_media":0,"parent":0,"menu_order":0,"comment_status":"closed","ping_status":"closed","template":"","meta":[],"categories":[41],"tags":[286,21,133],"_links":{"self":[{"href":"https:\/\/www.cittadellaeditrice.com\/munera\/wp-json\/wp\/v2\/pages\/18965"}],"collection":[{"href":"https:\/\/www.cittadellaeditrice.com\/munera\/wp-json\/wp\/v2\/pages"}],"about":[{"href":"https:\/\/www.cittadellaeditrice.com\/munera\/wp-json\/wp\/v2\/types\/page"}],"author":[{"embeddable":true,"href":"https:\/\/www.cittadellaeditrice.com\/munera\/wp-json\/wp\/v2\/users\/1"}],"replies":[{"embeddable":true,"href":"https:\/\/www.cittadellaeditrice.com\/munera\/wp-json\/wp\/v2\/comments?post=18965"}],"version-history":[{"count":1,"href":"https:\/\/www.cittadellaeditrice.com\/munera\/wp-json\/wp\/v2\/pages\/18965\/revisions"}],"predecessor-version":[{"id":18966,"href":"https:\/\/www.cittadellaeditrice.com\/munera\/wp-json\/wp\/v2\/pages\/18965\/revisions\/18966"}],"wp:attachment":[{"href":"https:\/\/www.cittadellaeditrice.com\/munera\/wp-json\/wp\/v2\/media?parent=18965"}],"wp:term":[{"taxonomy":"category","embeddable":true,"href":"https:\/\/www.cittadellaeditrice.com\/munera\/wp-json\/wp\/v2\/categories?post=18965"},{"taxonomy":"post_tag","embeddable":true,"href":"https:\/\/www.cittadellaeditrice.com\/munera\/wp-json\/wp\/v2\/tags?post=18965"}],"curies":[{"name":"wp","href":"https:\/\/api.w.org\/{rel}","templated":true}]}}