{"id":18190,"date":"2022-11-14T13:17:04","date_gmt":"2022-11-14T12:17:04","guid":{"rendered":"http:\/\/www.cittadellaeditrice.com\/munera\/?page_id=18190"},"modified":"2022-11-14T13:37:18","modified_gmt":"2022-11-14T12:37:18","slug":"ferdinando-zanzottera-meravigliosa-avventura-le-chiese-di-gio-ponti","status":"publish","type":"page","link":"https:\/\/www.cittadellaeditrice.com\/munera\/tutti-gli-articoli\/ferdinando-zanzottera-meravigliosa-avventura-le-chiese-di-gio-ponti\/","title":{"rendered":"Munera 3\/2022 &#8211; Ferdinando Zanzottera &gt;&gt; &#8220;Meravigliosa avventura&#8221;: le chiese di Gio Ponti"},"content":{"rendered":"<p>Riconosciuto protagonista dell\u2019architettura europea, Gio Ponti fu professionista impegnato nella realizzazione di numerosi edifici religiosi, tre dei quali nella citt\u00e0 di Milano.1<\/p>\n<p>Essi sono stati tra le pi\u00f9 importanti realizzazioni della seconda met\u00e0 del XX secolo e oggi restano ancora estremamente attuali, dimostrando l\u2019alto valore raggiunto dagli studi dell\u2019architetto milanese, da lui stesso definiti come una \u201cmeravigliosa avventura\u201d.<\/p>\n<p>La sua ricerca segui\u0300 due differenti polarit\u00e0: l\u2019una poetica, nell\u2019ide- are architetture in forme \u2018finite\u2019 in quanto opere d\u2018arte di perfetta compiutezza; l\u2019altra ecclesiologica, nel realizzare edifici liturgici di forte impronta cristocentrica.<\/p>\n<p style=\"text-align: center;\"><a title=\"Acquista\" href=\"javascript:formcompra('3520',1);\"><img alt=\"Acquista l'articolo\" src=\"https:\/\/www.cittadellaeditrice.com\/munera\/wp-content\/uploads\/ico_acquista_digitale.jpg\" width=\"54\" height=\"54\" \/><\/a>\n<br \/><a title=\"Acquista\" href=\"javascript:formcompra('3520','1');\"> per continuare a leggere acquista questo articolo<\/a><\/p><p style=\"text-align:center\"><a href=\"https:\/\/www.cittadellaeditrice.com\/digital\/account\/\">Utente biblioteche abbonate: clicca qui \u00bb<\/a><\/p>","protected":false},"excerpt":{"rendered":"<p>Riconosciuto protagonista dell\u2019architettura europea, Gio Ponti fu professionista impegnato nella realizzazione di numerosi edifici religiosi, tre dei quali nella citt\u00e0 di Milano.1 Essi sono stati tra le pi\u00f9 importanti realizzazioni della seconda met\u00e0 del XX&#8230;<\/p>\n","protected":false},"author":2,"featured_media":0,"parent":2840,"menu_order":0,"comment_status":"open","ping_status":"closed","template":"","meta":[],"categories":[628],"tags":[216,8,19,224],"_links":{"self":[{"href":"https:\/\/www.cittadellaeditrice.com\/munera\/wp-json\/wp\/v2\/pages\/18190"}],"collection":[{"href":"https:\/\/www.cittadellaeditrice.com\/munera\/wp-json\/wp\/v2\/pages"}],"about":[{"href":"https:\/\/www.cittadellaeditrice.com\/munera\/wp-json\/wp\/v2\/types\/page"}],"author":[{"embeddable":true,"href":"https:\/\/www.cittadellaeditrice.com\/munera\/wp-json\/wp\/v2\/users\/2"}],"replies":[{"embeddable":true,"href":"https:\/\/www.cittadellaeditrice.com\/munera\/wp-json\/wp\/v2\/comments?post=18190"}],"version-history":[{"count":2,"href":"https:\/\/www.cittadellaeditrice.com\/munera\/wp-json\/wp\/v2\/pages\/18190\/revisions"}],"predecessor-version":[{"id":18219,"href":"https:\/\/www.cittadellaeditrice.com\/munera\/wp-json\/wp\/v2\/pages\/18190\/revisions\/18219"}],"up":[{"embeddable":true,"href":"https:\/\/www.cittadellaeditrice.com\/munera\/wp-json\/wp\/v2\/pages\/2840"}],"wp:attachment":[{"href":"https:\/\/www.cittadellaeditrice.com\/munera\/wp-json\/wp\/v2\/media?parent=18190"}],"wp:term":[{"taxonomy":"category","embeddable":true,"href":"https:\/\/www.cittadellaeditrice.com\/munera\/wp-json\/wp\/v2\/categories?post=18190"},{"taxonomy":"post_tag","embeddable":true,"href":"https:\/\/www.cittadellaeditrice.com\/munera\/wp-json\/wp\/v2\/tags?post=18190"}],"curies":[{"name":"wp","href":"https:\/\/api.w.org\/{rel}","templated":true}]}}