{"id":17711,"date":"2022-03-17T14:03:19","date_gmt":"2022-03-17T13:03:19","guid":{"rendered":"http:\/\/www.cittadellaeditrice.com\/munera\/?page_id=17711"},"modified":"2022-03-17T14:03:19","modified_gmt":"2022-03-17T13:03:19","slug":"munera-12022-adriano-giannola-nord-sud-ue-crisi-divari-pnrr","status":"publish","type":"page","link":"https:\/\/www.cittadellaeditrice.com\/munera\/tutti-gli-articoli\/munera-12022-adriano-giannola-nord-sud-ue-crisi-divari-pnrr\/","title":{"rendered":"Munera 1\/2022 &#8211; Adriano Giannola &gt;&gt; Nord-Sud-UE: crisi, divari, PNRR"},"content":{"rendered":"<p>Tema tutto italiano quello dei divari territoriali fin dall\u2019Unit\u00e0. Sintetizzato nell\u2019impegnativo motto \u201cQuestione meridionale, questione Nazionale\u201d, esso da tempo non \u00e8 pi\u00f9 di moda, messo in sordina all&#8217; inizio degli anni&#8217;90 del secolo scorso dalla virulenza della &#8220;questione settentrionale&#8221; e, nel 2001, dalla maldestra riforma del Titolo V della Costituzione che cass\u00f2 il Mezzogiorno dal \u201cnuovo\u201d articolo 119. La riforma annunciava \u2013 senza mai citarlo \u2013 l\u2019avvento di un modello di federalismo fiscale equo e solidale le cui nobili intenzioni dopo quasi dieci anni, nel 2009, furono parzialmente tradotte nella legge 42 di attuazione del novellato articolo 119\u2026 della quale si attende ancora l\u2019applicazione.<\/p>\n<p>Indomiti, i divari, intanto, corrono, peggiorano, si moltiplicano. A quello storico (Nord-Sud) si aggiunge la novit\u00e0 del divario tra il Paese e l\u2019Unione Europea (UE) che investe tutte le Regioni nessuna esclusa. Una mutazione strutturale che diviene nel corso degli anni particolarmente preoccupante per le \u201cRegioni locomotiva\u201d del ricco Centro-Nord incamminate verso un rapido declino. In verit\u00e0, da pi\u00f9 di 25 anni, questa \u00e8 una \u201cnovit\u00e0 vecchia\u201d della quale non \u00e8 politicamente corretto discutere tra italiani; a preoccuparsene, invece, \u00e8 la UE per via del nostro poco rassicurante equilibrio economico-finanziario, potenzialmente destabilizzante per le sorti dell\u2019Unione.<\/p>\n<p>Tutti i nodi vengono al pettine della Storia; l\u2019occasione \u00e8 data dal drammatico appuntamento con la verit\u00e0 imposto dalla pandemia che obbliga la UE alla repentina condivisione di un debito pubblico comunitario e il \u2013 temporaneo \u2013 superamento della severa austerit\u00e0 di Maastricht. In questo quadro avviene il varo del piano finanziario Next Generation EU da noi tradotto in Piano Nazionale di Resilienza e Ripresa (PNRR) con il quale si affronta l\u2019emergenza con un blando ritorno alla visione del libro bianco di Delors.<\/p>\n<p>Questa inversione ad U dovrebbe indurci a fare finalmente il punto, invertire la rotta e mettere in giusta prospettiva i nostri interessi da fondatori della UE.<\/p>\n<p style=\"text-align: center;\"><a title=\"Acquista\" href=\"javascript:formcompra('3415',1);\"><img alt=\"Acquista l'articolo\" src=\"https:\/\/www.cittadellaeditrice.com\/munera\/wp-content\/uploads\/ico_acquista_digitale.jpg\" width=\"54\" height=\"54\" \/><\/a>\n<br \/><a title=\"Acquista\" href=\"javascript:formcompra('3415','1');\"> per continuare a leggere acquista questo articolo<\/a><\/p><p style=\"text-align:center\"><a href=\"https:\/\/www.cittadellaeditrice.com\/digital\/account\/\">Utente biblioteche abbonate: clicca qui \u00bb<\/a><\/p>","protected":false},"excerpt":{"rendered":"<p>Tema tutto italiano quello dei divari territoriali fin dall\u2019Unit\u00e0. Sintetizzato nell\u2019impegnativo motto \u201cQuestione meridionale, questione Nazionale\u201d, esso da tempo non \u00e8 pi\u00f9 di moda, messo in sordina all&#8217; inizio degli anni&#8217;90 del secolo scorso dalla&#8230;<\/p>\n","protected":false},"author":1,"featured_media":0,"parent":2840,"menu_order":0,"comment_status":"open","ping_status":"open","template":"","meta":[],"categories":[665],"tags":[653,666,667],"_links":{"self":[{"href":"https:\/\/www.cittadellaeditrice.com\/munera\/wp-json\/wp\/v2\/pages\/17711"}],"collection":[{"href":"https:\/\/www.cittadellaeditrice.com\/munera\/wp-json\/wp\/v2\/pages"}],"about":[{"href":"https:\/\/www.cittadellaeditrice.com\/munera\/wp-json\/wp\/v2\/types\/page"}],"author":[{"embeddable":true,"href":"https:\/\/www.cittadellaeditrice.com\/munera\/wp-json\/wp\/v2\/users\/1"}],"replies":[{"embeddable":true,"href":"https:\/\/www.cittadellaeditrice.com\/munera\/wp-json\/wp\/v2\/comments?post=17711"}],"version-history":[{"count":1,"href":"https:\/\/www.cittadellaeditrice.com\/munera\/wp-json\/wp\/v2\/pages\/17711\/revisions"}],"predecessor-version":[{"id":17712,"href":"https:\/\/www.cittadellaeditrice.com\/munera\/wp-json\/wp\/v2\/pages\/17711\/revisions\/17712"}],"up":[{"embeddable":true,"href":"https:\/\/www.cittadellaeditrice.com\/munera\/wp-json\/wp\/v2\/pages\/2840"}],"wp:attachment":[{"href":"https:\/\/www.cittadellaeditrice.com\/munera\/wp-json\/wp\/v2\/media?parent=17711"}],"wp:term":[{"taxonomy":"category","embeddable":true,"href":"https:\/\/www.cittadellaeditrice.com\/munera\/wp-json\/wp\/v2\/categories?post=17711"},{"taxonomy":"post_tag","embeddable":true,"href":"https:\/\/www.cittadellaeditrice.com\/munera\/wp-json\/wp\/v2\/tags?post=17711"}],"curies":[{"name":"wp","href":"https:\/\/api.w.org\/{rel}","templated":true}]}}