{"id":17707,"date":"2022-03-17T14:00:46","date_gmt":"2022-03-17T13:00:46","guid":{"rendered":"http:\/\/www.cittadellaeditrice.com\/munera\/?page_id=17707"},"modified":"2022-03-17T14:00:46","modified_gmt":"2022-03-17T13:00:46","slug":"munera-12022-roberto-de-lotto-calogero-micciche-elisabetta-maria-venco-il-pnrr-le-politiche-per-lenergia-e-lapertura-alle-comunita-energetiche","status":"publish","type":"page","link":"https:\/\/www.cittadellaeditrice.com\/munera\/tutti-gli-articoli\/munera-12022-roberto-de-lotto-calogero-micciche-elisabetta-maria-venco-il-pnrr-le-politiche-per-lenergia-e-lapertura-alle-comunita-energetiche\/","title":{"rendered":"Munera 1\/2022 &#8211; Roberto De Lotto, Calogero Miccich\u00e9, Elisabetta Maria Venco &gt;&gt; Il PNRR, le politiche per l\u2019energia e l\u2019apertura alle Comunit\u00e0 Energetiche"},"content":{"rendered":"<p>Tra le principali problematiche ambientali e sociali connesse allo sviluppo demografico e dei bisogni vanno annoverati un consumo energetico molto elevato e crescente, un alto livello di emissioni di gas serra, un ingente consumo di risorse (terreni, combustibili fossili, acqua, cibo) e, pi\u00f9 in generale, una pesante impronta ecologica unita a significativi costi infrastrutturali aggravati dall\u2019espansione urbana, dalla crescita delle baraccopoli nei Paesi in via di sviluppo e dalla mancanza di opportunit\u00e0 di sostentamento omogenee per tutte le fasce della popolazione globale. Secondo le previsioni dell\u2019International Energy Agency (IEA), il mondo nel 2050 avr\u00e0 bisogno di quasi l\u201980% in pi\u00f9 di energia rispetto ai valori del 2019 per soddisfare tutti i suoi bisogni. Oggi i combustibili fossili forniscono oltre l\u201980% dell\u2019energia primaria a livello globale ma, come sappiamo, si tratta di risorse limitate e destinate a esaurirsi nel prossimo futuro.<\/p>\n<p>D\u2019altra parte, con l\u2019espansione demografica e la crescita economica, \u00e8 aumentata anche la domanda di elettricit\u00e0. Secondo le stime dell\u2019IEA, il consumo medio annuo mondiale di elettricit\u00e0 pro capite per il 2007 \u00e8 stato di 2.752 kWh e per il 2030 sar\u00e0 di circa 4.128 kWh. Le citt\u00e0 ne sono le maggiori consumatrici.<\/p>\n<p>Se questa \u00e8 la situazione, l\u2019UE negli ultimi anni ha preso a occuparsene con impegno crescente e il suo Clean Energy Package (di seguito \u201cCEP\u201d), ossia l\u2019insieme delle norme sull\u2019energia pulita varato nel 2019, si inserisce a pieno titolo nel recente sforzo internazionale sul clima e sullo sviluppo di stili di vita pi\u00f9 sostenibili.<\/p>\n<p style=\"text-align: center;\"><a title=\"Acquista\" href=\"javascript:formcompra('3413',1);\"><img alt=\"Acquista l'articolo\" src=\"https:\/\/www.cittadellaeditrice.com\/munera\/wp-content\/uploads\/ico_acquista_digitale.jpg\" width=\"54\" height=\"54\" \/><\/a>\n<br \/><a title=\"Acquista\" href=\"javascript:formcompra('3413','1');\"> per continuare a leggere acquista questo articolo<\/a><\/p><p style=\"text-align:center\"><a href=\"https:\/\/www.cittadellaeditrice.com\/digital\/account\/\">Utente biblioteche abbonate: clicca qui \u00bb<\/a><\/p>","protected":false},"excerpt":{"rendered":"<p>Tra le principali problematiche ambientali e sociali connesse allo sviluppo demografico e dei bisogni vanno annoverati un consumo energetico molto elevato e crescente, un alto livello di emissioni di gas serra, un ingente consumo di&#8230;<\/p>\n","protected":false},"author":1,"featured_media":0,"parent":2840,"menu_order":0,"comment_status":"open","ping_status":"open","template":"","meta":[],"categories":[658,366,659],"tags":[661,660,653],"_links":{"self":[{"href":"https:\/\/www.cittadellaeditrice.com\/munera\/wp-json\/wp\/v2\/pages\/17707"}],"collection":[{"href":"https:\/\/www.cittadellaeditrice.com\/munera\/wp-json\/wp\/v2\/pages"}],"about":[{"href":"https:\/\/www.cittadellaeditrice.com\/munera\/wp-json\/wp\/v2\/types\/page"}],"author":[{"embeddable":true,"href":"https:\/\/www.cittadellaeditrice.com\/munera\/wp-json\/wp\/v2\/users\/1"}],"replies":[{"embeddable":true,"href":"https:\/\/www.cittadellaeditrice.com\/munera\/wp-json\/wp\/v2\/comments?post=17707"}],"version-history":[{"count":1,"href":"https:\/\/www.cittadellaeditrice.com\/munera\/wp-json\/wp\/v2\/pages\/17707\/revisions"}],"predecessor-version":[{"id":17708,"href":"https:\/\/www.cittadellaeditrice.com\/munera\/wp-json\/wp\/v2\/pages\/17707\/revisions\/17708"}],"up":[{"embeddable":true,"href":"https:\/\/www.cittadellaeditrice.com\/munera\/wp-json\/wp\/v2\/pages\/2840"}],"wp:attachment":[{"href":"https:\/\/www.cittadellaeditrice.com\/munera\/wp-json\/wp\/v2\/media?parent=17707"}],"wp:term":[{"taxonomy":"category","embeddable":true,"href":"https:\/\/www.cittadellaeditrice.com\/munera\/wp-json\/wp\/v2\/categories?post=17707"},{"taxonomy":"post_tag","embeddable":true,"href":"https:\/\/www.cittadellaeditrice.com\/munera\/wp-json\/wp\/v2\/tags?post=17707"}],"curies":[{"name":"wp","href":"https:\/\/api.w.org\/{rel}","templated":true}]}}

Munera 1/2022 &#8211; Roberto De Lotto, Calogero Micciché, Elisabetta Maria Venco &gt;&gt; Il PNRR, le politiche per l’energia e l’apertura alle Comunità Energetiche

<p>Tra le principali problematiche ambientali e sociali connesse allo sviluppo demografico e dei bisogni vanno annoverati un consumo energetico molto elevato e crescente, un alto livello di emissioni di gas serra, un ingente consumo di risorse (terreni, combustibili fossili, acqua, cibo) e, più in generale, una pesante impronta ecologica unita a significativi costi infrastrutturali aggravati dall’espansione urbana, dalla crescita delle baraccopoli nei Paesi in via di sviluppo e dalla mancanza di opportunità di sostentamento omogenee per tutte le fasce della popolazione globale. Secondo le previsioni dell’International Energy Agency (IEA), il mondo nel 2050 avrà bisogno di quasi l’80% in più di energia rispetto ai valori del 2019 per soddisfare tutti i suoi bisogni. Oggi i combustibili fossili forniscono oltre l’80% dell’energia primaria a livello globale ma, come sappiamo, si tratta di risorse limitate e destinate a esaurirsi nel prossimo futuro.</p>
<p>D’altra parte, con l’espansione demografica e la crescita economica, è aumentata anche la domanda di elettricità. Secondo le stime dell’IEA, il consumo medio annuo mondiale di elettricità pro capite per il 2007 è stato di 2.752 kWh e per il 2030 sarà di circa 4.128 kWh. Le città ne sono le maggiori consumatrici.</p>
<p>Se questa è la situazione, l’UE negli ultimi anni ha preso a occuparsene con impegno crescente e il suo Clean Energy Package (di seguito “CEP”), ossia l’insieme delle norme sull’energia pulita varato nel 2019, si inserisce a pieno titolo nel recente sforzo internazionale sul clima e sullo sviluppo di stili di vita più sostenibili.</p>
<p style="text-align: center;"><a title="Acquista" href="javascript:formcompra('3413',1);"><img alt="Acquista l'articolo" src="https://www.cittadellaeditrice.com/munera/wp-content/uploads/ico_acquista_digitale.jpg" width="54" height="54" /></a>
<br /><a title="Acquista" href="javascript:formcompra('3413','1');"> per continuare a leggere acquista questo articolo</a></p><p style="text-align:center"><a href="https://www.cittadellaeditrice.com/digital/account/">Utente biblioteche abbonate: clicca qui »</a></p>
