{"id":17703,"date":"2022-03-17T13:58:35","date_gmt":"2022-03-17T12:58:35","guid":{"rendered":"http:\/\/www.cittadellaeditrice.com\/munera\/?page_id=17703"},"modified":"2022-03-17T14:01:22","modified_gmt":"2022-03-17T13:01:22","slug":"munera-12022-giuseppe-tropea-pnrr-e-governamentalita-neoliberale-una-linea-di-continuita","status":"publish","type":"page","link":"https:\/\/www.cittadellaeditrice.com\/munera\/tutti-gli-articoli\/munera-12022-giuseppe-tropea-pnrr-e-governamentalita-neoliberale-una-linea-di-continuita\/","title":{"rendered":"Munera 1\/2022 &#8211; Giuseppe Tropea &gt;&gt; PNRR e governamentalit\u00e0 neoliberale: una linea di continuit\u00e0?"},"content":{"rendered":"<p>La valvola della necessit\u00e0 risveglia la presenza dello Stato come Stato essenzialmente amministrativo e su questa base vanno ripensati i fondamentali dell\u2019amministrazione.\u00a0 Proprio nell\u2019emergenza pandemica, nonostante la crisi sia gravata sul sistema amministrativo, \u00e8 mancata un\u2019idea di fondo di amministrazione: buona parte della gestione dell\u2019emergenza \u00e8 stata di fatto delegata a forme di amministrazione parallela, spesso appaltata a privati.<\/p>\n<p>In questo quadro frastagliato e indefinito \u00e8 il neoliberalismo amministrativo come \u201cemergenza\u201d costante che meriterebbe maggiore attenzione.\u00a0 A differenza del paradigma moderno della sovranit\u00e0, infatti, nel dispositivo governamentale l\u2019emergenza \u00e8 la strutturazione della quotidianit\u00e0 nell\u2019ottica dell\u2019imprevisto governabile, risolvibile: tale tecnica governamentale diviene, cos\u00ec, un \u00abgigantesco generatore di eccezioni\u00bb.\u00a0 Lo studioso di diritto amministrativo deve, quindi, prendere consapevolezza di una sua rinnovata centralit\u00e0 critica.<\/p>\n<p>Finora si \u00e8 ritenuto, non senza una certa ragione, che \u2013 per lo studioso di diritto amministrativo \u2013 l\u2019integrazione europea non abbia posto, almeno fino alla sua crisi recente, problemi \u201cesistenziali\u201d, stante la funzione \u201cservente\u201d e \u201ctecnica\u201d che a tale disciplina poteva attribuirsi. Diversa \u00e8 stata l\u2019esperienza del costituzionalista, che spesso si \u00e8 dovuto porre il problema, specie dopo la crisi economica, della configurabilit\u00e0 di un nuovo diritto pubblico europeo dell\u2019economia.\u00a0 Per l\u2019amministrativista mainstream ha, invece, prevalso per lungo tempo una sorta di cattiva coscienza o, se vogliamo, di cupio dissolvi, corollari dell\u2019idea dell\u2019efficienza del common law e della speculare inefficienza del civil law, come si ricava dai Rapporti Doing Business predisposti dalla Banca mondiale.<\/p>\n<p>In questo senso mi sembra utile riflettere sulle \u201cinvarianze\u201d rappresentate dalla regolazione sperimentata durante il COVID-19, destinata probabilmente a rinnovarsi con le riforme che si attendono dall\u2019attuazione del PNRR.<\/p>\n<p style=\"text-align: center;\"><a title=\"Acquista\" href=\"javascript:formcompra('3411',1);\"><img alt=\"Acquista l'articolo\" src=\"https:\/\/www.cittadellaeditrice.com\/munera\/wp-content\/uploads\/ico_acquista_digitale.jpg\" width=\"54\" height=\"54\" \/><\/a>\n<br \/><a title=\"Acquista\" href=\"javascript:formcompra('3411','1');\"> per continuare a leggere acquista questo articolo<\/a><\/p><p style=\"text-align:center\"><a href=\"https:\/\/www.cittadellaeditrice.com\/digital\/account\/\">Utente biblioteche abbonate: clicca qui \u00bb<\/a><\/p>","protected":false},"excerpt":{"rendered":"<p>La valvola della necessit\u00e0 risveglia la presenza dello Stato come Stato essenzialmente amministrativo e su questa base vanno ripensati i fondamentali dell\u2019amministrazione.\u00a0 Proprio nell\u2019emergenza pandemica, nonostante la crisi sia gravata sul sistema amministrativo, \u00e8 mancata&#8230;<\/p>\n","protected":false},"author":1,"featured_media":0,"parent":2840,"menu_order":0,"comment_status":"open","ping_status":"open","template":"","meta":[],"categories":[662],"tags":[656,653],"_links":{"self":[{"href":"https:\/\/www.cittadellaeditrice.com\/munera\/wp-json\/wp\/v2\/pages\/17703"}],"collection":[{"href":"https:\/\/www.cittadellaeditrice.com\/munera\/wp-json\/wp\/v2\/pages"}],"about":[{"href":"https:\/\/www.cittadellaeditrice.com\/munera\/wp-json\/wp\/v2\/types\/page"}],"author":[{"embeddable":true,"href":"https:\/\/www.cittadellaeditrice.com\/munera\/wp-json\/wp\/v2\/users\/1"}],"replies":[{"embeddable":true,"href":"https:\/\/www.cittadellaeditrice.com\/munera\/wp-json\/wp\/v2\/comments?post=17703"}],"version-history":[{"count":1,"href":"https:\/\/www.cittadellaeditrice.com\/munera\/wp-json\/wp\/v2\/pages\/17703\/revisions"}],"predecessor-version":[{"id":17704,"href":"https:\/\/www.cittadellaeditrice.com\/munera\/wp-json\/wp\/v2\/pages\/17703\/revisions\/17704"}],"up":[{"embeddable":true,"href":"https:\/\/www.cittadellaeditrice.com\/munera\/wp-json\/wp\/v2\/pages\/2840"}],"wp:attachment":[{"href":"https:\/\/www.cittadellaeditrice.com\/munera\/wp-json\/wp\/v2\/media?parent=17703"}],"wp:term":[{"taxonomy":"category","embeddable":true,"href":"https:\/\/www.cittadellaeditrice.com\/munera\/wp-json\/wp\/v2\/categories?post=17703"},{"taxonomy":"post_tag","embeddable":true,"href":"https:\/\/www.cittadellaeditrice.com\/munera\/wp-json\/wp\/v2\/tags?post=17703"}],"curies":[{"name":"wp","href":"https:\/\/api.w.org\/{rel}","templated":true}]}}