{"id":17697,"date":"2022-03-17T13:55:07","date_gmt":"2022-03-17T12:55:07","guid":{"rendered":"http:\/\/www.cittadellaeditrice.com\/munera\/?page_id=17697"},"modified":"2022-03-17T13:55:07","modified_gmt":"2022-03-17T12:55:07","slug":"munera-12022-fermiamo-una-guerra-spaventosa-e-ingiusta","status":"publish","type":"page","link":"https:\/\/www.cittadellaeditrice.com\/munera\/tutti-gli-articoli\/munera-12022-fermiamo-una-guerra-spaventosa-e-ingiusta\/","title":{"rendered":"Munera 1\/2022 &#8211; Fermiamo una guerra spaventosa e ingiusta"},"content":{"rendered":"<p>Mentre questo numero di <i>Munera<\/i> andava ormai in stampa, la Russia ha avviato una sanguinosa guerra di occupazione dell\u2019Ucraina. Non \u00e8 stato dunque possibile, in questa sede, occuparsi del tema con la profondit\u00e0 che esso avrebbe meritato. Riteniamo tuttavia che qualche parola debba essere detta.<\/p>\n<p>Per prima cosa, una parola di condanna nei confronti di un\u2019aggressione dalle dubbie motivazioni politiche e dalle inesistenti giustificazioni morali. L\u2019occupazione militare dei territori di uno Stato democratico sovrano e la violenza nei confronti di una popolazione civile che lotta per difendere le proprie vite, quelle dei propri figli, e la propria terra sono ingiuste e in nessun modo giustificabili.<\/p>\n<p>In secondo luogo, una parola di solidariet\u00e0 e di vicinanza nei confronti del popolo ucraino, che sta reagendo con fierezza e dignit\u00e0 alla violenza subita, nonostante l\u2019evidente sproporzione di forze in campo.<\/p>\n<p>In terzo luogo, un appello all\u2019Unione Europea, ai governi e ai popoli dell\u2019Europa, affinch\u00e9 usino con prudenza e coraggio tutti gli strumenti a loro disposizione per cercare di fermare il massacro e per sostenere quanti soffrono a causa della guerra. L\u2019Europa non pu\u00f2 e non deve venire meno al ruolo che la sua storia culturale e spirituale le assegnano. \u00c8 la terra dell\u2019umanesimo e della dignit\u00e0 umana. In un momento cos\u00ec tragico non pu\u00f2 e non deve dimenticarlo.<\/p>\n<p>In quarto luogo, un appello alla comunit\u00e0 internazionale tutta, affinch\u00e9 si mobiliti senza distinzioni e con coraggio per fermare la guerra e facilitare la pace, senza dimenticare i tanti conflitti che insanguinano il nostro mondo senza che nessuno ne parli.<\/p>\n<p>In quinto luogo, un appello alle Chiese cristiane, d\u2019Occidente e d\u2019Oriente, affinch\u00e9 condannino in maniera chiara e netta la guerra senza cedere alla tentazione di calcoli di convenienza o di opportunit\u00e0.<\/p>\n<p>Da ultimo, un appello al governo e al popolo russo, affinch\u00e9 riconoscano che la passata grandezza della Russia non sta nell\u2019estensione del suo impero, ma nella profondit\u00e0 della sua produzione culturale e spirituale, autentico patrimonio dell\u2019umanit\u00e0. La patria di giganti come Dostoevskij e Florenskij potr\u00e0 recuperare la sua grandezza e il suo orgoglio se sapr\u00e0 tornare allo spirito di questi suoi figli, che hanno saputo dare voce alle profondit\u00e0 dello spirito umano.<\/p>\n<p><i>Governo, popolo e Chiese della Russia, non tradite voi stessi e fermate subito un massacro folle e indegno di voi e della vostra grande storia.<\/i><\/p>\n<p style=\"text-align: right;\">La direzione e la redazione di<br \/>\n<i>Munera. Rivista europea di cultura<\/i><\/p>\n<p style=\"text-align: center;\"><a href=\"http:\/\/www.cittadellaeditrice.com\/munera\/wp-content\/uploads\/2022-1_Munera_07-10_Editoriale.pdf\" target=\"_blank\"><img decoding=\"async\" loading=\"lazy\" alt=\"Scarica l'articolo gratuitamente\" src=\"http:\/\/www.cittadellaeditrice.com\/munera\/wp-content\/uploads\/ico_acquista_abbdigitale.jpg\" width=\"54\" height=\"54\" \/><br \/>\nscarica l&#8217;articolo gratuitamente<\/a><\/p>\n","protected":false},"excerpt":{"rendered":"<p>Mentre questo numero di Munera andava ormai in stampa, la Russia ha avviato una sanguinosa guerra di occupazione dell\u2019Ucraina. Non \u00e8 stato dunque possibile, in questa sede, occuparsi del tema con la profondit\u00e0 che esso&#8230;<\/p>\n","protected":false},"author":1,"featured_media":0,"parent":2840,"menu_order":0,"comment_status":"open","ping_status":"open","template":"","meta":[],"categories":[],"tags":[33,49,139,654],"_links":{"self":[{"href":"https:\/\/www.cittadellaeditrice.com\/munera\/wp-json\/wp\/v2\/pages\/17697"}],"collection":[{"href":"https:\/\/www.cittadellaeditrice.com\/munera\/wp-json\/wp\/v2\/pages"}],"about":[{"href":"https:\/\/www.cittadellaeditrice.com\/munera\/wp-json\/wp\/v2\/types\/page"}],"author":[{"embeddable":true,"href":"https:\/\/www.cittadellaeditrice.com\/munera\/wp-json\/wp\/v2\/users\/1"}],"replies":[{"embeddable":true,"href":"https:\/\/www.cittadellaeditrice.com\/munera\/wp-json\/wp\/v2\/comments?post=17697"}],"version-history":[{"count":1,"href":"https:\/\/www.cittadellaeditrice.com\/munera\/wp-json\/wp\/v2\/pages\/17697\/revisions"}],"predecessor-version":[{"id":17699,"href":"https:\/\/www.cittadellaeditrice.com\/munera\/wp-json\/wp\/v2\/pages\/17697\/revisions\/17699"}],"up":[{"embeddable":true,"href":"https:\/\/www.cittadellaeditrice.com\/munera\/wp-json\/wp\/v2\/pages\/2840"}],"wp:attachment":[{"href":"https:\/\/www.cittadellaeditrice.com\/munera\/wp-json\/wp\/v2\/media?parent=17697"}],"wp:term":[{"taxonomy":"category","embeddable":true,"href":"https:\/\/www.cittadellaeditrice.com\/munera\/wp-json\/wp\/v2\/categories?post=17697"},{"taxonomy":"post_tag","embeddable":true,"href":"https:\/\/www.cittadellaeditrice.com\/munera\/wp-json\/wp\/v2\/tags?post=17697"}],"curies":[{"name":"wp","href":"https:\/\/api.w.org\/{rel}","templated":true}]}}