{"id":17387,"date":"2021-11-15T15:57:48","date_gmt":"2021-11-15T14:57:48","guid":{"rendered":"http:\/\/www.cittadellaeditrice.com\/munera\/?page_id=17387"},"modified":"2021-11-15T15:57:48","modified_gmt":"2021-11-15T14:57:48","slug":"munera-32021-ferdinando-zanzottera-lo-sguardo-delluomo-dal-cielo","status":"publish","type":"page","link":"https:\/\/www.cittadellaeditrice.com\/munera\/tutti-gli-articoli\/munera-32021-ferdinando-zanzottera-lo-sguardo-delluomo-dal-cielo\/","title":{"rendered":"Munera 3\/2021 &#8211; Ferdinando Zanzottera &gt;&gt; Lo sguardo dell\u2019uomo dal cielo"},"content":{"rendered":"<p>\u00abIl frequentatore del cielo ha cominciato a poter dire per primo, con cognizione di causa, come veramente la terra sia cos\u00ec straordinariamente piccola. Egli che la vede veramente lontanare e impicciolirsi sotto il suo sguardo, e che ad un certo punto pu\u00f2 abbracciare con un solo colpo d\u2019occhio spazi che vicini gli parvero immensi, egli pu\u00f2 rendersi conto di questa ristrettezza del mondo; egli che con pochi giri di elica pu\u00f2 spostarsi da un punto all\u2019altro di questa terra che, percorsa sul lento ritmo dei veicoli striscianti sul suolo, gli parve grande, pericolosa e misteriosa [&#8230;]. Gli uomini, le cose, gli alberi, i fiumi, i mari, i continenti; tutto appare ridotto, sminuito, svalorizzato allo sguardo del viaggiatore del cielo. Strade che sembran lievi nastri snodati e posati sul suolo. I continenti gli si svelan vicini, piccoli sono i mari che li dividono; la lontananza li accomuna [&#8230;]. E questa svalutazione del mondo fisico terrestre si estende per il viaggiatore aereo anche alle vicende degli uomini che considerate dall\u2019alto perdono di potenza e di significato. L\u2019umanit\u00e0 vista dai cieli desta quella gentile piet\u00e0 che gli uomini hanno sempre ambito di de- stare negli dei che essi immaginano appunto vaganti negli spazi aerei. E l\u2019uomo errante in queste plaghe di elezione sa che, se gli sar\u00e0 dato di raggiungere regioni pi\u00f9 lontane, vedr\u00e0 un giorno la terra distanziata e ridotta alle proporzioni di un qualsiasi pianeta eternamente in cammino tra gli universi creati\u00bb.<\/p>\n<p>Cos\u00ec il letterato appassionato di aviazione Guglielmo Della Noce, nel lontano 1939, raccontava la personale esperienza del volo e la \u00abmagica visione dall\u2019alto\u00bb del territorio italiano in prevalenza agreste.<\/p>\n<p style=\"text-align: center;\"><a title=\"Acquista\" href=\"javascript:formcompra('3248',1);\"><img alt=\"Acquista l'articolo\" src=\"https:\/\/www.cittadellaeditrice.com\/munera\/wp-content\/uploads\/ico_acquista_digitale.jpg\" width=\"54\" height=\"54\" \/><\/a>\n<br \/><a title=\"Acquista\" href=\"javascript:formcompra('3248','1');\"> per continuare a leggere acquista questo articolo<\/a><\/p><p style=\"text-align:center\"><a href=\"https:\/\/www.cittadellaeditrice.com\/digital\/account\/\">Utente biblioteche abbonate: clicca qui \u00bb<\/a><\/p>","protected":false},"excerpt":{"rendered":"<p>\u00abIl frequentatore del cielo ha cominciato a poter dire per primo, con cognizione di causa, come veramente la terra sia cos\u00ec straordinariamente piccola. Egli che la vede veramente lontanare e impicciolirsi sotto il suo sguardo,&#8230;<\/p>\n","protected":false},"author":1,"featured_media":0,"parent":2840,"menu_order":0,"comment_status":"open","ping_status":"open","template":"","meta":[],"categories":[628],"tags":[641,120,644,645],"_links":{"self":[{"href":"https:\/\/www.cittadellaeditrice.com\/munera\/wp-json\/wp\/v2\/pages\/17387"}],"collection":[{"href":"https:\/\/www.cittadellaeditrice.com\/munera\/wp-json\/wp\/v2\/pages"}],"about":[{"href":"https:\/\/www.cittadellaeditrice.com\/munera\/wp-json\/wp\/v2\/types\/page"}],"author":[{"embeddable":true,"href":"https:\/\/www.cittadellaeditrice.com\/munera\/wp-json\/wp\/v2\/users\/1"}],"replies":[{"embeddable":true,"href":"https:\/\/www.cittadellaeditrice.com\/munera\/wp-json\/wp\/v2\/comments?post=17387"}],"version-history":[{"count":1,"href":"https:\/\/www.cittadellaeditrice.com\/munera\/wp-json\/wp\/v2\/pages\/17387\/revisions"}],"predecessor-version":[{"id":17388,"href":"https:\/\/www.cittadellaeditrice.com\/munera\/wp-json\/wp\/v2\/pages\/17387\/revisions\/17388"}],"up":[{"embeddable":true,"href":"https:\/\/www.cittadellaeditrice.com\/munera\/wp-json\/wp\/v2\/pages\/2840"}],"wp:attachment":[{"href":"https:\/\/www.cittadellaeditrice.com\/munera\/wp-json\/wp\/v2\/media?parent=17387"}],"wp:term":[{"taxonomy":"category","embeddable":true,"href":"https:\/\/www.cittadellaeditrice.com\/munera\/wp-json\/wp\/v2\/categories?post=17387"},{"taxonomy":"post_tag","embeddable":true,"href":"https:\/\/www.cittadellaeditrice.com\/munera\/wp-json\/wp\/v2\/tags?post=17387"}],"curies":[{"name":"wp","href":"https:\/\/api.w.org\/{rel}","templated":true}]}}