{"id":17375,"date":"2021-11-15T15:49:23","date_gmt":"2021-11-15T14:49:23","guid":{"rendered":"http:\/\/www.cittadellaeditrice.com\/munera\/?page_id=17375"},"modified":"2021-11-15T15:49:23","modified_gmt":"2021-11-15T14:49:23","slug":"munera-32021-riccardo-saccenti-come-in-lo-specchio-il-sol-dante-fra-xx-e-xxi-secolo","status":"publish","type":"page","link":"https:\/\/www.cittadellaeditrice.com\/munera\/tutti-gli-articoli\/munera-32021-riccardo-saccenti-come-in-lo-specchio-il-sol-dante-fra-xx-e-xxi-secolo\/","title":{"rendered":"Munera 3\/2021 &#8211; Riccardo Saccenti &gt;&gt; \u00abCome in lo specchio il sol\u00bb. Dante fra XX e XXI secolo"},"content":{"rendered":"<p>Le celebrazioni dell\u2019anno dantesco portano con se\u0301 una vasta serie di iniziative che toccano molteplici piani. Alla realizzazione di convegni specialistici e pubblicazioni che vanno ad alimentare la gi\u00e0 vasta biblioteca della dantistica si affianca la vasta e plurale teoria di iniziative rivolte a un pubblico pi\u00f9 vasto. Pur nella loro diversit\u00e0, questi due livelli di approccio a Dante sono accomunati dall\u2019essere specchio, pi\u00f9 o meno consapevole, della sensibilit\u00e0 culturale di questo passaggio storico di inizio XXI secolo.<\/p>\n<p>L\u2019applicazione della critica storica allo studio dell\u2019opera e della vita dell\u2019Alighieri garantisce certo il rigore della ricerca e della sua restituzione in forma divulgativa e tuttavia lascia intatto il dato di fatto che il rapporto con il poeta fiorentino, e con la ramificata tradizione che lo segue, si inquadra nella fluidit\u00e0 del rapporto biunivoco fra passato e presente. Cosi\u0300, il Convivio o la Monarchia o la Commedia continuano ad essere interrogati con domande che nascono dal presente e rispondono a questioni profonde di questa fase storica, e al tempo stesso la coscienza della distanza temporale e culturale alimenta un senso di alterit\u00e0 che permette di cogliere aspetti finora non considerati di quello che Bruno Nardi chiamava \u201cil mondo di Dante\u201d.<\/p>\n<p style=\"text-align: center;\"><a title=\"Acquista\" href=\"javascript:formcompra('3242',1);\"><img alt=\"Acquista l'articolo\" src=\"https:\/\/www.cittadellaeditrice.com\/munera\/wp-content\/uploads\/ico_acquista_digitale.jpg\" width=\"54\" height=\"54\" \/><\/a>\n<br \/><a title=\"Acquista\" href=\"javascript:formcompra('3242','1');\"> per continuare a leggere acquista questo articolo<\/a><\/p><p style=\"text-align:center\"><a href=\"https:\/\/www.cittadellaeditrice.com\/digital\/account\/\">Utente biblioteche abbonate: clicca qui \u00bb<\/a><\/p>","protected":false},"excerpt":{"rendered":"<p>Le celebrazioni dell\u2019anno dantesco portano con se\u0301 una vasta serie di iniziative che toccano molteplici piani. Alla realizzazione di convegni specialistici e pubblicazioni che vanno ad alimentare la gi\u00e0 vasta biblioteca della dantistica si affianca&#8230;<\/p>\n","protected":false},"author":1,"featured_media":0,"parent":2840,"menu_order":0,"comment_status":"open","ping_status":"open","template":"","meta":[],"categories":[353],"tags":[641,640,15,120],"_links":{"self":[{"href":"https:\/\/www.cittadellaeditrice.com\/munera\/wp-json\/wp\/v2\/pages\/17375"}],"collection":[{"href":"https:\/\/www.cittadellaeditrice.com\/munera\/wp-json\/wp\/v2\/pages"}],"about":[{"href":"https:\/\/www.cittadellaeditrice.com\/munera\/wp-json\/wp\/v2\/types\/page"}],"author":[{"embeddable":true,"href":"https:\/\/www.cittadellaeditrice.com\/munera\/wp-json\/wp\/v2\/users\/1"}],"replies":[{"embeddable":true,"href":"https:\/\/www.cittadellaeditrice.com\/munera\/wp-json\/wp\/v2\/comments?post=17375"}],"version-history":[{"count":1,"href":"https:\/\/www.cittadellaeditrice.com\/munera\/wp-json\/wp\/v2\/pages\/17375\/revisions"}],"predecessor-version":[{"id":17376,"href":"https:\/\/www.cittadellaeditrice.com\/munera\/wp-json\/wp\/v2\/pages\/17375\/revisions\/17376"}],"up":[{"embeddable":true,"href":"https:\/\/www.cittadellaeditrice.com\/munera\/wp-json\/wp\/v2\/pages\/2840"}],"wp:attachment":[{"href":"https:\/\/www.cittadellaeditrice.com\/munera\/wp-json\/wp\/v2\/media?parent=17375"}],"wp:term":[{"taxonomy":"category","embeddable":true,"href":"https:\/\/www.cittadellaeditrice.com\/munera\/wp-json\/wp\/v2\/categories?post=17375"},{"taxonomy":"post_tag","embeddable":true,"href":"https:\/\/www.cittadellaeditrice.com\/munera\/wp-json\/wp\/v2\/tags?post=17375"}],"curies":[{"name":"wp","href":"https:\/\/api.w.org\/{rel}","templated":true}]}}