{"id":17367,"date":"2021-11-15T15:42:00","date_gmt":"2021-11-15T14:42:00","guid":{"rendered":"http:\/\/www.cittadellaeditrice.com\/munera\/?page_id=17367"},"modified":"2021-11-15T15:42:00","modified_gmt":"2021-11-15T14:42:00","slug":"munera-32021-editoriale","status":"publish","type":"page","link":"https:\/\/www.cittadellaeditrice.com\/munera\/tutti-gli-articoli\/munera-32021-editoriale\/","title":{"rendered":"Munera 3\/2021 &#8211; Editoriale"},"content":{"rendered":"<p>La ricorrenza del centenario dantesco \u00e8 una buona opportunit\u00e0 per qualche considerazione sul passato e sull\u2019avvenire di quella cultura italiana di cui il Sommo Poeta \u00e8 da sempre l\u2019emblema nel mondo. Soprattutto in un momento in cui si parla di ripresa e di resilienza.<\/p>\n<p>Non sappiamo se e come l\u2019Italia e il mondo intero ripartiranno dopo questa pandemia che al momento sembra infinita, ma certo il clima che si respira \u00e8 quello dell\u2019ottimismo. E, forse, anche della speranza. Non accadeva ormai da decenni e vale dunque la pena cercare di dare sostanza a questo ottimismo e a questa speranza. Se tutto si riducesse a un ciclo di crescita economica, si sarebbe sprecata una grande occasione. E non si sarebbero onorati i tanti, troppi, caduti di questa pandemia che ha decimato le generazioni pi\u00f9 anziane e dunque la memoria storica delle nostre societ\u00e0.<\/p>\n<p>Dante \u00e8 l\u2019emblema della cultura italiana e il padre della lingua che a questa cultura ha dato, nel tempo, forma e visione. Ma \u00e8 anche \u2013 a tutti gli effetti \u2013 un patrimonio dell\u2019umanit\u00e0 intera. Rappresenta dunque uno dei grandi contributi che l\u2019Italia ha offerto alla crescita spirituale e morale dell\u2019intero genere umano. C\u2019\u00e8 da esserne orgogliosi.<\/p>\n<p>Ma questo non basta. La ricorrenza \u00e8 un invito rinnovato ad assumersi la responsabilit\u00e0 del contributo che la cultura italiana pu\u00f2 e deve ancora offrire al mondo. La terra dell\u2019umanesimo non ha esaurito la sua missione. Perch\u00e9 oggi di umanesimo c\u2019\u00e8 pi\u00f9 che mai bisogno: laddove nel mondo si negano i diritti umani, l\u2019eguaglianza, la libert\u00e0 e la dignit\u00e0 dell\u2019umano in nome di teorie scientifiche ed economiche, o di tecnologie, che sacrificano tutto al valore unico dell\u2019efficienza e del profitto.<\/p>\n<p>Di quell\u2019umanesimo Dante \u00e8 il padre. Egli ha collocato l\u2019essere umano all\u2019interno di una gerarchia \u2013 tra l\u2019angelico e il bruto \u2013 e ha indicato la possibilit\u00e0 che esso ha di muoversi verso le due direzioni: verso il paradiso e verso l\u2019inferno. Di quell\u2019umanesimo oggi c\u2019\u00e8 bisogno. L\u2019Italia e l\u2019Europa intera devono riconoscere a s\u00e9 stesse la missione storica di cui sono portatrici. Non per accarezzare e nutrire il proprio narcisismo, ma per contribuire alla crescita morale e spirituale di un mondo che rischia altrimenti di essere spinto soltanto da motivazioni di efficienza tecnica o economica: un mondo mosso da umani che si rivolta contro l\u2019umano.<\/p>\n<p>Dante ha anche restituito un\u2019immagine non positiva dell\u2019Italia, spesso divisa in partigianerie e in egoismi localistici e corporativistici. Settecento anni dopo, le sue pagine sembrano purtroppo descrivere l\u2019Italia di oggi: un Paese chiuso e polarizzato, in cui si cerca di difendere le rendite di posizione e si fatica a voler diventare un popolo. Non il popolo della retorica populista \u2013 un\u2019invenzione mitologica che consente a un capo di parlare a nome di tutti esprimendo un fittizio sentimento comune \u2013 ma un popolo che si costruisce nel tempo, all\u2019interno di una dialettica sociale e culturale, a partire da radici diverse e verso un fine e un bene comune.<\/p>\n<p>Il centenario dantesco \u00e8 cos\u00ec l\u2019occasione per un bilancio in vista di un avvenire. Per l\u2019Italia, per l\u2019Europa, per il mondo intero.<\/p>\n<p style=\"text-align: center;\"><a href=\"http:\/\/www.cittadellaeditrice.com\/munera\/wp-content\/uploads\/2021-3_Munera_07-08_Editoriale.pdf\" target=\"_blank\"><img decoding=\"async\" loading=\"lazy\" alt=\"Scarica l'articolo gratuitamente\" src=\"http:\/\/www.cittadellaeditrice.com\/munera\/wp-content\/uploads\/ico_acquista_abbdigitale.jpg\" width=\"54\" height=\"54\" \/><br \/>\nscarica l&#8217;articolo gratuitamente<\/a><\/p>\n","protected":false},"excerpt":{"rendered":"<p>La ricorrenza del centenario dantesco \u00e8 una buona opportunit\u00e0 per qualche considerazione sul passato e sull\u2019avvenire di quella cultura italiana di cui il Sommo Poeta \u00e8 da sempre l\u2019emblema nel mondo. Soprattutto in un momento&#8230;<\/p>\n","protected":false},"author":1,"featured_media":0,"parent":2840,"menu_order":0,"comment_status":"open","ping_status":"open","template":"","meta":[],"categories":[],"tags":[641,640,120,396],"_links":{"self":[{"href":"https:\/\/www.cittadellaeditrice.com\/munera\/wp-json\/wp\/v2\/pages\/17367"}],"collection":[{"href":"https:\/\/www.cittadellaeditrice.com\/munera\/wp-json\/wp\/v2\/pages"}],"about":[{"href":"https:\/\/www.cittadellaeditrice.com\/munera\/wp-json\/wp\/v2\/types\/page"}],"author":[{"embeddable":true,"href":"https:\/\/www.cittadellaeditrice.com\/munera\/wp-json\/wp\/v2\/users\/1"}],"replies":[{"embeddable":true,"href":"https:\/\/www.cittadellaeditrice.com\/munera\/wp-json\/wp\/v2\/comments?post=17367"}],"version-history":[{"count":1,"href":"https:\/\/www.cittadellaeditrice.com\/munera\/wp-json\/wp\/v2\/pages\/17367\/revisions"}],"predecessor-version":[{"id":17370,"href":"https:\/\/www.cittadellaeditrice.com\/munera\/wp-json\/wp\/v2\/pages\/17367\/revisions\/17370"}],"up":[{"embeddable":true,"href":"https:\/\/www.cittadellaeditrice.com\/munera\/wp-json\/wp\/v2\/pages\/2840"}],"wp:attachment":[{"href":"https:\/\/www.cittadellaeditrice.com\/munera\/wp-json\/wp\/v2\/media?parent=17367"}],"wp:term":[{"taxonomy":"category","embeddable":true,"href":"https:\/\/www.cittadellaeditrice.com\/munera\/wp-json\/wp\/v2\/categories?post=17367"},{"taxonomy":"post_tag","embeddable":true,"href":"https:\/\/www.cittadellaeditrice.com\/munera\/wp-json\/wp\/v2\/tags?post=17367"}],"curies":[{"name":"wp","href":"https:\/\/api.w.org\/{rel}","templated":true}]}}