{"id":16695,"date":"2021-02-09T12:50:48","date_gmt":"2021-02-09T11:50:48","guid":{"rendered":"http:\/\/www.cittadellaeditrice.com\/munera\/?page_id=16695"},"modified":"2021-02-09T12:50:48","modified_gmt":"2021-02-09T11:50:48","slug":"munera-12021-domenico-rossignoli-sviluppo-economico-e-sostenibilita-nella-prospettiva-dellecologia-umana-integrale","status":"publish","type":"page","link":"https:\/\/www.cittadellaeditrice.com\/munera\/tutti-gli-articoli\/munera-12021-domenico-rossignoli-sviluppo-economico-e-sostenibilita-nella-prospettiva-dellecologia-umana-integrale\/","title":{"rendered":"Munera 1\/2021 &#8211; Domenico Rossignoli &gt;&gt; Sviluppo economico e sostenibilit\u00e0 nella prospettiva dell\u2019ecologia umana integrale"},"content":{"rendered":"<p>In un contesto caratterizzato da grande fermento nel dibattito accademico e pubblico sul possibile rinnovamento del sistema economico, \u00e8 necessario soffermarsi sul punto di arrivo del sistema capitalistico, chiaramente senza alcuna pretesa di esaustivit\u00e0. Ripensare il sistema economico, infatti, non pu\u00f2 prescindere dal mettere in evidenza pregi e limiti del sistema attuale.<\/p>\n<p>Questa riflessione risulta in particolar modo rilevante nella prospettiva del recente evento \u201cEconomy of Francesco\u201d (tenutosi da remoto tra il 19 e il 21 novembre 2020) mediante il quale papa Francesco ha convocato ad Assisi giovani economisti e imprenditori di tutto il mondo (quest\u2019anno in forma virtuale, a causa delle restrizioni imposte a contrasto della pandemia di Covid-19) per unire le forze e dare attuazione alla riflessione contenuta in Laudato Si\u2019.<\/p>\n<p>Nella prospettiva proposta dalla Chiesa di un umanesimo integrale la realizzazione della persona si compie con pienezza solo laddove tutte le sue dimensioni sono rispettate: senza dubbio il miglioramento delle sue condizioni materiali, ma anche il rispetto della sua relazione con gli altri e con il creato.\u00a0 Per questo motivo, un sistema economico realmente sostenibile non pu\u00f2 che essere fondato sulla centralit\u00e0 della persona umana, nella sua interezza.<\/p>\n<p style=\"text-align: center;\"><a title=\"Acquista\" href=\"javascript:formcompra('3110',1);\"><img alt=\"Acquista l'articolo\" src=\"https:\/\/www.cittadellaeditrice.com\/munera\/wp-content\/uploads\/ico_acquista_digitale.jpg\" width=\"54\" height=\"54\" \/><\/a>\n<br \/><a title=\"Acquista\" href=\"javascript:formcompra('3110','1');\"> per continuare a leggere acquista questo articolo<\/a><\/p><p style=\"text-align:center\"><a href=\"https:\/\/www.cittadellaeditrice.com\/digital\/account\/\">Utente biblioteche abbonate: clicca qui \u00bb<\/a><\/p>","protected":false},"excerpt":{"rendered":"<p>In un contesto caratterizzato da grande fermento nel dibattito accademico e pubblico sul possibile rinnovamento del sistema economico, \u00e8 necessario soffermarsi sul punto di arrivo del sistema capitalistico, chiaramente senza alcuna pretesa di esaustivit\u00e0. Ripensare&#8230;<\/p>\n","protected":false},"author":1,"featured_media":0,"parent":2840,"menu_order":0,"comment_status":"open","ping_status":"open","template":"","meta":[],"categories":[621],"tags":[617,20,616],"_links":{"self":[{"href":"https:\/\/www.cittadellaeditrice.com\/munera\/wp-json\/wp\/v2\/pages\/16695"}],"collection":[{"href":"https:\/\/www.cittadellaeditrice.com\/munera\/wp-json\/wp\/v2\/pages"}],"about":[{"href":"https:\/\/www.cittadellaeditrice.com\/munera\/wp-json\/wp\/v2\/types\/page"}],"author":[{"embeddable":true,"href":"https:\/\/www.cittadellaeditrice.com\/munera\/wp-json\/wp\/v2\/users\/1"}],"replies":[{"embeddable":true,"href":"https:\/\/www.cittadellaeditrice.com\/munera\/wp-json\/wp\/v2\/comments?post=16695"}],"version-history":[{"count":1,"href":"https:\/\/www.cittadellaeditrice.com\/munera\/wp-json\/wp\/v2\/pages\/16695\/revisions"}],"predecessor-version":[{"id":16696,"href":"https:\/\/www.cittadellaeditrice.com\/munera\/wp-json\/wp\/v2\/pages\/16695\/revisions\/16696"}],"up":[{"embeddable":true,"href":"https:\/\/www.cittadellaeditrice.com\/munera\/wp-json\/wp\/v2\/pages\/2840"}],"wp:attachment":[{"href":"https:\/\/www.cittadellaeditrice.com\/munera\/wp-json\/wp\/v2\/media?parent=16695"}],"wp:term":[{"taxonomy":"category","embeddable":true,"href":"https:\/\/www.cittadellaeditrice.com\/munera\/wp-json\/wp\/v2\/categories?post=16695"},{"taxonomy":"post_tag","embeddable":true,"href":"https:\/\/www.cittadellaeditrice.com\/munera\/wp-json\/wp\/v2\/tags?post=16695"}],"curies":[{"name":"wp","href":"https:\/\/api.w.org\/{rel}","templated":true}]}}