{"id":16693,"date":"2021-02-09T12:49:53","date_gmt":"2021-02-09T11:49:53","guid":{"rendered":"http:\/\/www.cittadellaeditrice.com\/munera\/?page_id=16693"},"modified":"2021-02-09T12:49:53","modified_gmt":"2021-02-09T11:49:53","slug":"munera-12021-thierry-magnin-la-bioetica-alla-luce-della-sfida-ecologica","status":"publish","type":"page","link":"https:\/\/www.cittadellaeditrice.com\/munera\/tutti-gli-articoli\/munera-12021-thierry-magnin-la-bioetica-alla-luce-della-sfida-ecologica\/","title":{"rendered":"Munera 1\/2021 &#8211; Thierry Magnin &gt;&gt; La bioetica alla luce della sfida ecologica"},"content":{"rendered":"<p>Appena prima di entrare in questo tormentato tempo di pandemia, i parlamentari francesi stavano dibattendo il nuovo disegno di legge sulla bioetica. Nei dibattiti era sorprendente notare il ruolo essenziale riconosciuto all\u2019individuo e ai suoi diritti, evidenziato con la seguente ingiunzione implicita: \u00abLa legge deve rispondere alla volont\u00e0 e al desiderio dell\u2019individuo fintanto che le tecnologie consentono di realizzarli e che la persona che le richiede non danneggi altri utilizzandole\u00bb. Se i diritti dell\u2019individuo sono essenziali, altrettanto lo \u00e8 tenere in considerazione il \u201cbene comune\u201d. Molto spesso sembrava tuttavia che l\u2019unico bene comune a cui tendere corrispondesse pi\u00f9 o meno alla somma dei desideri individuali riconosciuti come decisivi per la libert\u00e0 degli individui. La crisi del Covid-19 ha mostrato chiaramente come la \u201csalute pubblica\u201d, e non solo quella dell\u2019individuo isolato, sia un bene comune essenziale. La salute dell\u2019individuo dipende non solo dalle tecnologie mediche, ma in gran parte anche dalle sue modalit\u00e0 di relazione nella societ\u00e0. Gi\u00e0 in tempi di epidemia, \u201cstare a casa\u201d sembra essere il miglior servizio che molti di noi possono fornire alla societ\u00e0 e alla salute pubblica. Anche l\u2019uscita dal lockdown richiede di prendere in considerazione un comportamento sociale esemplare. Il peso della tecnologia nell\u2019affrontare l\u2019epidemia \u00e8 importante, ma tutt\u2019altro che sufficiente. \u00c8 l\u2019intero sistema sanitario a venir messo alla prova, mentre la salute pubblica emerge come il vero bene comune.<\/p>\n<p>Tuttavia, la mentalit\u00e0 generale pre-Covid lasciava percepire una forma di \u201connipotenza\u201d delle tecnologie, capaci di risolvere la maggior parte dei nostri problemi e di rispondere a molti desideri, anche considerando il corpo umano in parti \u201cseparate\u201d. Parti che possono non solo essere riparate, ma anche potenziate. Questa forma di onnipotenza \u00e8 ora ampiamente sfidata da un piccolo virus sconosciuto agli scienziati. Non si tratta qui di sminuire l\u2019importanza delle tecnologie, n\u00e9 il loro sviluppo al servizio della salute degli individui, quanto piuttosto di vedere come il loro utilizzo e le questioni etiche ad esso connesse possano trovare un nuovo quadro di analisi a partire da ci\u00f2 che l\u2019odierna crisi sanitaria globale offre come orizzonte di riflessione in termini di ci\u00f2 che \u00e8 \u201ccomune\u201d, di solidariet\u00e0 e di fraternit\u00e0.<\/p>\n<p>Quale solidariet\u00e0 e quale medicina vogliamo per noi stessi e per le generazioni future? L\u2019attuale crisi sanitaria solleva pi\u00f9 che mai il problema, che non \u00e8 tuttavia di oggi. La nozione di progresso medico presuppone un\u2019ampia apertura: \u00e8 l\u2019intero sistema sanitario a occuparsi di questo progresso, facendo della cura della persona umana il centro delle interazioni tra medicina, tecnologia, economia, management, formazione, accompagnamento medico-sociale, accompagnamento psicologico e accompagnamento spirituale. La pandemia aggiunge ora le dimensioni internazionali della globalizzazione collegate a questioni ecologiche, in particolare per quanto riguarda l\u2019origine e la diffusione del virus.<\/p>\n<p style=\"text-align: center;\"><a title=\"Acquista\" href=\"javascript:formcompra('3109',1);\"><img alt=\"Acquista l'articolo\" src=\"https:\/\/www.cittadellaeditrice.com\/munera\/wp-content\/uploads\/ico_acquista_digitale.jpg\" width=\"54\" height=\"54\" \/><\/a>\n<br \/><a title=\"Acquista\" href=\"javascript:formcompra('3109','1');\"> per continuare a leggere acquista questo articolo<\/a><\/p><p style=\"text-align:center\"><a href=\"https:\/\/www.cittadellaeditrice.com\/digital\/account\/\">Utente biblioteche abbonate: clicca qui \u00bb<\/a><\/p>","protected":false},"excerpt":{"rendered":"<p>Appena prima di entrare in questo tormentato tempo di pandemia, i parlamentari francesi stavano dibattendo il nuovo disegno di legge sulla bioetica. Nei dibattiti era sorprendente notare il ruolo essenziale riconosciuto all\u2019individuo e ai suoi&#8230;<\/p>\n","protected":false},"author":1,"featured_media":0,"parent":2840,"menu_order":0,"comment_status":"open","ping_status":"open","template":"","meta":[],"categories":[539],"tags":[440,617,616],"_links":{"self":[{"href":"https:\/\/www.cittadellaeditrice.com\/munera\/wp-json\/wp\/v2\/pages\/16693"}],"collection":[{"href":"https:\/\/www.cittadellaeditrice.com\/munera\/wp-json\/wp\/v2\/pages"}],"about":[{"href":"https:\/\/www.cittadellaeditrice.com\/munera\/wp-json\/wp\/v2\/types\/page"}],"author":[{"embeddable":true,"href":"https:\/\/www.cittadellaeditrice.com\/munera\/wp-json\/wp\/v2\/users\/1"}],"replies":[{"embeddable":true,"href":"https:\/\/www.cittadellaeditrice.com\/munera\/wp-json\/wp\/v2\/comments?post=16693"}],"version-history":[{"count":1,"href":"https:\/\/www.cittadellaeditrice.com\/munera\/wp-json\/wp\/v2\/pages\/16693\/revisions"}],"predecessor-version":[{"id":16694,"href":"https:\/\/www.cittadellaeditrice.com\/munera\/wp-json\/wp\/v2\/pages\/16693\/revisions\/16694"}],"up":[{"embeddable":true,"href":"https:\/\/www.cittadellaeditrice.com\/munera\/wp-json\/wp\/v2\/pages\/2840"}],"wp:attachment":[{"href":"https:\/\/www.cittadellaeditrice.com\/munera\/wp-json\/wp\/v2\/media?parent=16693"}],"wp:term":[{"taxonomy":"category","embeddable":true,"href":"https:\/\/www.cittadellaeditrice.com\/munera\/wp-json\/wp\/v2\/categories?post=16693"},{"taxonomy":"post_tag","embeddable":true,"href":"https:\/\/www.cittadellaeditrice.com\/munera\/wp-json\/wp\/v2\/tags?post=16693"}],"curies":[{"name":"wp","href":"https:\/\/api.w.org\/{rel}","templated":true}]}}