{"id":15919,"date":"2020-10-07T12:06:31","date_gmt":"2020-10-07T10:06:31","guid":{"rendered":"http:\/\/www.cittadellaeditrice.com\/munera\/?page_id=15919"},"modified":"2020-10-07T12:06:31","modified_gmt":"2020-10-07T10:06:31","slug":"munera-32020-giorgio-azzoni-maria-antonietta-crippa-franca-ghitti-1932-2012","status":"publish","type":"page","link":"https:\/\/www.cittadellaeditrice.com\/munera\/tutti-gli-articoli\/munera-32020-giorgio-azzoni-maria-antonietta-crippa-franca-ghitti-1932-2012\/","title":{"rendered":"Munera 3\/2020 &#8211; Giorgio Azzoni, Maria Antonietta Crippa &gt;&gt; Franca Ghitti (1932-2012)"},"content":{"rendered":"<p>Il modo di lavorare di Franca Ghitti ha suscitato in noi, che l\u2019abbiamo vista all\u2019opera, stupore e ammirazione per la rapidit\u00e0, la sapienza, persino l\u2019arguzia con le quali manipolava i materiali, inseguendo una sintesi tra fare e pensare che coinvolgeva attivamente chi le stava intorno. Le sue mani erano il luogo in cui prendeva corpo, in forme allo stato nascente, una sintesi d\u2019immagini dalla quale fiorivano \u201ccose\u201d, pensieri e parole insieme, le sue e le nostre, in un\u2019armonia che restituiva per trasfigurazione luci, colori, sapori della sua terra. Originaria della Val Camonica, usava ferri e scarti, dapprima della segheria paterna e in seguito delle numerose fucine dislocate nei paesi della valle, per comporre figure inaspettatamente dotate di una compiutezza antica e moderna insieme. Da un lungo soggiorno in Africa aveva riportato una capacit\u00e0 di narrazione della vita e dei dolori della condizione umana incisa nella forza di chiodi che attraversano le sue carte e i suoi legni.<\/p>\n<p>Dopo aver realizzato mostre e interventi espositivi presso musei e numerose universit\u00e0 italiane e europee (in un ininterrotto dialogo con intellettuali contemporanei), negli ultimi anni della sua attivit\u00e0 aveva trovato spazio presso un importante gallerista a New York: nel centro della pi\u00f9 celebrata contemporaneit\u00e0 artistica port\u00f2 la voce e il volto della sua valle e dell\u2019Europa. Di ambedue si percepiva erede, si rendeva testimone della loro profondit\u00e0 storica in uno slancio verso il futuro oltrepassando incertezze, virtualit\u00e0, scadimenti contemporanei. Avvertiva che i cancelli di un\u2019Europa che tendeva a chiudersi, frammentando ancestrali solidariet\u00e0, dovevano essere riaperti, non smantellati, rivendicava, nelle sculture che portano questo nome \u2013 in una profezia di speranza oggi preziosa pi\u00f9 che mai \u2013 che compito del continente europeo \u00e8 l\u2019affermazione dell\u2019unit\u00e0 nella pluralit\u00e0, della solidariet\u00e0 che esalta le differenze e che rifiuta dunque l\u2019omologazione.<\/p>\n<p style=\"text-align: center;\"><a title=\"Acquista\" href=\"javascript:formcompra('2905',1);\"><img alt=\"Acquista l'articolo\" src=\"https:\/\/www.cittadellaeditrice.com\/munera\/wp-content\/uploads\/ico_acquista_digitale.jpg\" width=\"54\" height=\"54\" \/><\/a>\n<br \/><a title=\"Acquista\" href=\"javascript:formcompra('2905','1');\"> per continuare a leggere acquista questo articolo<\/a><\/p><p style=\"text-align:center\"><a href=\"https:\/\/www.cittadellaeditrice.com\/digital\/account\/\">Utente biblioteche abbonate: clicca qui \u00bb<\/a><\/p>","protected":false},"excerpt":{"rendered":"<p>Il modo di lavorare di Franca Ghitti ha suscitato in noi, che l\u2019abbiamo vista all\u2019opera, stupore e ammirazione per la rapidit\u00e0, la sapienza, persino l\u2019arguzia con le quali manipolava i materiali, inseguendo una sintesi tra&#8230;<\/p>\n","protected":false},"author":1,"featured_media":0,"parent":2840,"menu_order":0,"comment_status":"open","ping_status":"open","template":"","meta":[],"categories":[549,156],"tags":[8,176,401],"_links":{"self":[{"href":"https:\/\/www.cittadellaeditrice.com\/munera\/wp-json\/wp\/v2\/pages\/15919"}],"collection":[{"href":"https:\/\/www.cittadellaeditrice.com\/munera\/wp-json\/wp\/v2\/pages"}],"about":[{"href":"https:\/\/www.cittadellaeditrice.com\/munera\/wp-json\/wp\/v2\/types\/page"}],"author":[{"embeddable":true,"href":"https:\/\/www.cittadellaeditrice.com\/munera\/wp-json\/wp\/v2\/users\/1"}],"replies":[{"embeddable":true,"href":"https:\/\/www.cittadellaeditrice.com\/munera\/wp-json\/wp\/v2\/comments?post=15919"}],"version-history":[{"count":1,"href":"https:\/\/www.cittadellaeditrice.com\/munera\/wp-json\/wp\/v2\/pages\/15919\/revisions"}],"predecessor-version":[{"id":15920,"href":"https:\/\/www.cittadellaeditrice.com\/munera\/wp-json\/wp\/v2\/pages\/15919\/revisions\/15920"}],"up":[{"embeddable":true,"href":"https:\/\/www.cittadellaeditrice.com\/munera\/wp-json\/wp\/v2\/pages\/2840"}],"wp:attachment":[{"href":"https:\/\/www.cittadellaeditrice.com\/munera\/wp-json\/wp\/v2\/media?parent=15919"}],"wp:term":[{"taxonomy":"category","embeddable":true,"href":"https:\/\/www.cittadellaeditrice.com\/munera\/wp-json\/wp\/v2\/categories?post=15919"},{"taxonomy":"post_tag","embeddable":true,"href":"https:\/\/www.cittadellaeditrice.com\/munera\/wp-json\/wp\/v2\/tags?post=15919"}],"curies":[{"name":"wp","href":"https:\/\/api.w.org\/{rel}","templated":true}]}}