{"id":15917,"date":"2020-10-07T12:05:09","date_gmt":"2020-10-07T10:05:09","guid":{"rendered":"http:\/\/www.cittadellaeditrice.com\/munera\/?page_id=15917"},"modified":"2020-10-07T12:05:09","modified_gmt":"2020-10-07T10:05:09","slug":"munera-32020-donne-durante-e-dopo-lapartheid-intervista-con-ela-gandhi","status":"publish","type":"page","link":"https:\/\/www.cittadellaeditrice.com\/munera\/tutti-gli-articoli\/munera-32020-donne-durante-e-dopo-lapartheid-intervista-con-ela-gandhi\/","title":{"rendered":"Munera 3\/2020 &#8211; Donne durante e dopo l\u2019Apartheid. Intervista con Ela Gandhi"},"content":{"rendered":"<p>Il 10 febbraio 2020 a Palazzo Giustiniani, presso il Senato della Repubblica, Ela Gandhi\u2013 nipote del Mahatma e di Kasturba Mohandas Gandhi \u2013 \u00e8 intervenuta alla conferenza <i>La donna leader nella promozione dell\u2019Umanesimo integrale<\/i>.\u00a0 In quell\u2019occasione l\u2019abbiamo incontrata.<\/p>\n<p><i>Come \u00e8 cambiata in Sudafrica la condizione della donna dalla fine dell\u2019apartheid a oggi in famiglia, nel lavoro e in generale nella sfera sociale?<\/i><\/p>\n<p>Durante l\u2019apartheid ci sono stati tre tipi di oppressione: la prima basata sulla razza, la seconda sulla disuguaglianza economica, in cui i ricchi erano bianchi e i poveri erano neri, e la terza \u00e8 stata l\u2019oppressione di genere. Noi donne nere abbiamo sopportato tutte e tre le forme di oppressione: abbiamo sofferto perch\u00e9 eravamo nere, abbiamo sofferto perch\u00e9 eravamo povere e abbiamo sofferto perch\u00e9 eravamo donne. Il lavoro in Sudafrica durante l\u2019apartheid era categorizzato e nella parte pi\u00f9 bassa dell\u2019economia c\u2019erano le donne, soprattutto le donne nere. Ci\u00f2 che abbiamo cercato di fare \u00e8 lottare per il cambiamento, perch\u00e9 le donne potessero accedere all\u2019educazione, entrare a pieno titolo nel mercato del lavoro e in ogni sfera dell\u2019amministrazione e del governo. La formazione delle donne, e in particolare delle persone nere, \u00e8 ci\u00f2 su cui abbiamo puntato per progredire. Diverse cose sono cambiate nei vari ambiti, ma molte pi\u00f9 cose cambieranno se ci sar\u00e0 un\u2019ulteriore trasformazione di mentalit\u00e0.<\/p>\n<p style=\"text-align: center;\"><a title=\"Acquista\" href=\"javascript:formcompra('2904',1);\"><img alt=\"Acquista l'articolo\" src=\"https:\/\/www.cittadellaeditrice.com\/munera\/wp-content\/uploads\/ico_acquista_digitale.jpg\" width=\"54\" height=\"54\" \/><\/a>\n<br \/><a title=\"Acquista\" href=\"javascript:formcompra('2904','1');\"> per continuare a leggere acquista questo articolo<\/a><\/p><p style=\"text-align:center\"><a href=\"https:\/\/www.cittadellaeditrice.com\/digital\/account\/\">Utente biblioteche abbonate: clicca qui \u00bb<\/a><\/p>","protected":false},"excerpt":{"rendered":"<p>Il 10 febbraio 2020 a Palazzo Giustiniani, presso il Senato della Repubblica, Ela Gandhi\u2013 nipote del Mahatma e di Kasturba Mohandas Gandhi \u2013 \u00e8 intervenuta alla conferenza La donna leader nella promozione dell\u2019Umanesimo integrale.\u00a0 In&#8230;<\/p>\n","protected":false},"author":1,"featured_media":0,"parent":2840,"menu_order":0,"comment_status":"open","ping_status":"open","template":"","meta":[],"categories":[603,604],"tags":[351,176,401,277,407],"_links":{"self":[{"href":"https:\/\/www.cittadellaeditrice.com\/munera\/wp-json\/wp\/v2\/pages\/15917"}],"collection":[{"href":"https:\/\/www.cittadellaeditrice.com\/munera\/wp-json\/wp\/v2\/pages"}],"about":[{"href":"https:\/\/www.cittadellaeditrice.com\/munera\/wp-json\/wp\/v2\/types\/page"}],"author":[{"embeddable":true,"href":"https:\/\/www.cittadellaeditrice.com\/munera\/wp-json\/wp\/v2\/users\/1"}],"replies":[{"embeddable":true,"href":"https:\/\/www.cittadellaeditrice.com\/munera\/wp-json\/wp\/v2\/comments?post=15917"}],"version-history":[{"count":1,"href":"https:\/\/www.cittadellaeditrice.com\/munera\/wp-json\/wp\/v2\/pages\/15917\/revisions"}],"predecessor-version":[{"id":15918,"href":"https:\/\/www.cittadellaeditrice.com\/munera\/wp-json\/wp\/v2\/pages\/15917\/revisions\/15918"}],"up":[{"embeddable":true,"href":"https:\/\/www.cittadellaeditrice.com\/munera\/wp-json\/wp\/v2\/pages\/2840"}],"wp:attachment":[{"href":"https:\/\/www.cittadellaeditrice.com\/munera\/wp-json\/wp\/v2\/media?parent=15917"}],"wp:term":[{"taxonomy":"category","embeddable":true,"href":"https:\/\/www.cittadellaeditrice.com\/munera\/wp-json\/wp\/v2\/categories?post=15917"},{"taxonomy":"post_tag","embeddable":true,"href":"https:\/\/www.cittadellaeditrice.com\/munera\/wp-json\/wp\/v2\/tags?post=15917"}],"curies":[{"name":"wp","href":"https:\/\/api.w.org\/{rel}","templated":true}]}}