{"id":13638,"date":"2019-03-30T13:29:27","date_gmt":"2019-03-30T12:29:27","guid":{"rendered":"http:\/\/www.cittadellaeditrice.com\/munera\/?page_id=13638"},"modified":"2019-03-30T13:29:27","modified_gmt":"2019-03-30T12:29:27","slug":"contemporary-humanism-maria-beatrice-venanzi-alla-ricerca-di-un-nuovo-umanesimo-figure-di-consonanza-tra-mallarme-e-debussy","status":"publish","type":"page","link":"https:\/\/www.cittadellaeditrice.com\/munera\/tutti-gli-articoli\/contemporary-humanism-maria-beatrice-venanzi-alla-ricerca-di-un-nuovo-umanesimo-figure-di-consonanza-tra-mallarme-e-debussy\/","title":{"rendered":"Contemporary Humanism &#8211; Maria Beatrice Venanzi &gt;&gt; Alla ricerca di un nuovo umanesimo: Figure di consonanza tra Mallarm\u00e9 e Debussy"},"content":{"rendered":"<p>Comparare le opere di Mallarm\u00e9 e Debussy dopo i numerosi studi condotti su <i>L\u2019apr\u00e8s-midi d\u2019un Faune <\/i>e le sue successive riletture (in chiave musicale, pittorica, coreutica) potrebbe sembrare una sfida ardua e, allo stesso tempo, poco gratificante. Tuttavia, a nostro avviso, \u00e8 nell\u2019utilizzo di un approccio comparativo e intersezionale tra musica e letteratura, nella prospettiva di arricchire una branca interdisciplinare ancora pionieristica e (soprattutto in Italia) poco esplorata, che risiedono le maggiori ricompense di questa ricerca ancora agli albori.<\/p>\n<p>Perch\u00e9 scegliere di intraprendere il sentiero dell\u2019analisi comparativa, ovvero, per dirla con Daniel Albright (1945-2015), massimo studioso del settore, della panestetica (dell\u2019unit\u00e0 e diversit\u00e0 di tutte le arti), per fare luce sulla fragilit\u00e0 dell\u2019umanesimo contemporaneo? La permeabilit\u00e0 artistica, l\u2019osmosi tra danza, pittura, letteratura e musica, \u00e8 uno dei caratteri principali del Modernismo, in cui inizia a emergere la figura dell\u2019artista poligrafo. Poligrafo \u00e8 il compositore-scrittore che, gi\u00e0 dalla seconda met\u00e0 dell\u2019Ottocento, come nell\u2019esempio pi\u00f9 eclatante di Richard Wagner, rivendica il diritto di scrivere sui pi\u00f9 disparati argomenti, dalla filosofia di Schopenhauer alla teorizzazione del Gesamtkunstwerk, che trover\u00e0 compimento nel teatro di Bayreuth.<\/p>\n<p>Il Modernismo, tempo di crisi della coscienza individuale, del rapporto con l\u2019altro e della conoscenza del reale, nonch\u00e9 delle strutture linguistiche, sociali e religiose, \u00e8 un\u2019epoca di cui siamo figli. Nel connubio artistico creato dall\u2019intersezione delle opere di Debussy e Mallarm\u00e9, si tratter\u00e0 di far luce sulla sfera simbolica, dimensione essenziale all\u2019umano, per quanto di non facile comprensione. Il simbolo, unione di due elementi concreti che veicolano uno o pi\u00f9 contenuti, producendo un senso ulteriore, \u00e8 generato dalle figure di consonanza prodotte dal dialogo tra poesia e spartito.<\/p>\n<p style=\"text-align: center;\"><a href=\"http:\/\/www.cittadellaeditrice.com\/munera\/wp-content\/uploads\/2019-Quaderno_Munera_179-189_Venanzi.pdf\" target=\"_blank\"><img decoding=\"async\" loading=\"lazy\" class=\"aligncenter\" alt=\"Scarica l'articolo gratuitamente\" src=\"http:\/\/www.cittadellaeditrice.com\/munera\/wp-content\/uploads\/ico_acquista_abbdigitale.jpg\" width=\"54\" height=\"54\" \/>scarica l&#8217;articolo gratuitamente<\/a><\/p>\n","protected":false},"excerpt":{"rendered":"<p>Comparare le opere di Mallarm\u00e9 e Debussy dopo i numerosi studi condotti su L\u2019apr\u00e8s-midi d\u2019un Faune e le sue successive riletture (in chiave musicale, pittorica, coreutica) potrebbe sembrare una sfida ardua e, allo stesso tempo,&#8230;<\/p>\n","protected":false},"author":1,"featured_media":0,"parent":2840,"menu_order":0,"comment_status":"open","ping_status":"open","template":"","meta":[],"categories":[490],"tags":[15,474,131,491,396],"_links":{"self":[{"href":"https:\/\/www.cittadellaeditrice.com\/munera\/wp-json\/wp\/v2\/pages\/13638"}],"collection":[{"href":"https:\/\/www.cittadellaeditrice.com\/munera\/wp-json\/wp\/v2\/pages"}],"about":[{"href":"https:\/\/www.cittadellaeditrice.com\/munera\/wp-json\/wp\/v2\/types\/page"}],"author":[{"embeddable":true,"href":"https:\/\/www.cittadellaeditrice.com\/munera\/wp-json\/wp\/v2\/users\/1"}],"replies":[{"embeddable":true,"href":"https:\/\/www.cittadellaeditrice.com\/munera\/wp-json\/wp\/v2\/comments?post=13638"}],"version-history":[{"count":1,"href":"https:\/\/www.cittadellaeditrice.com\/munera\/wp-json\/wp\/v2\/pages\/13638\/revisions"}],"predecessor-version":[{"id":13639,"href":"https:\/\/www.cittadellaeditrice.com\/munera\/wp-json\/wp\/v2\/pages\/13638\/revisions\/13639"}],"up":[{"embeddable":true,"href":"https:\/\/www.cittadellaeditrice.com\/munera\/wp-json\/wp\/v2\/pages\/2840"}],"wp:attachment":[{"href":"https:\/\/www.cittadellaeditrice.com\/munera\/wp-json\/wp\/v2\/media?parent=13638"}],"wp:term":[{"taxonomy":"category","embeddable":true,"href":"https:\/\/www.cittadellaeditrice.com\/munera\/wp-json\/wp\/v2\/categories?post=13638"},{"taxonomy":"post_tag","embeddable":true,"href":"https:\/\/www.cittadellaeditrice.com\/munera\/wp-json\/wp\/v2\/tags?post=13638"}],"curies":[{"name":"wp","href":"https:\/\/api.w.org\/{rel}","templated":true}]}}