{"id":13207,"date":"2018-10-03T16:46:22","date_gmt":"2018-10-03T14:46:22","guid":{"rendered":"http:\/\/www.cittadellaeditrice.com\/munera\/?page_id=13207"},"modified":"2018-10-03T17:10:33","modified_gmt":"2018-10-03T15:10:33","slug":"munera-32018-andrea-chimento-il-cinema-di-ermanno-olmi","status":"publish","type":"page","link":"https:\/\/www.cittadellaeditrice.com\/munera\/tutti-gli-articoli\/munera-32018-andrea-chimento-il-cinema-di-ermanno-olmi\/","title":{"rendered":"Munera 3\/2018 &#8211; Andrea Chimento &gt;&gt; Il tempo si \u00e8 fermato. Una riflessione sul cinema di Ermanno Olmi"},"content":{"rendered":"<p>\u00c8 un\u2019esperienza cinematografica diversa da tutte le altre, trovarsi di fronte agli occhi un\u2019opera di Ermanno Olmi, maestro di un cinema umile, rigoroso e al tempo stesso visionario e spirituale.<\/p>\n<p>Nato a Bergamo il 24 luglio del 1931 e scomparso ad Asiago lo scorso 5 maggio 2018, Olmi cresce a Treviglio, in una famiglia profondamente cattolica, e rimane molto giovane orfano del padre, morto durante la Seconda guerra mondiale.<\/p>\n<p>Da ragazzo si trasferisce a Milano per studiare recitazione e, per mantenersi, lavora presso la Edisonvolta, occupandosi delle attivit\u00e0 ricreative per i dipendenti. Sar\u00e0 qui che inizier\u00e0 a muovere i primi passi con la macchina da presa, realizzando decine di documentari, in cui gi\u00e0 si notano la sua cura e il tocco poetico nel ritrarre le persone all\u2019interno dei contesti lavorativi.<\/p>\n<p>E il suo esordio al lungometraggio, Il tempo si \u00e8 fermato, del 1959, mostra proprio la natura documentaristica del suo stile, a partire dalla splendida ambientazione naturale. L\u2019attenzione per la gente comune e la sacralit\u00e0 della natura sono ritratte in una narrazione scarna, ma allo stesso tempo con la leggerezza tipica dello sguardo benevolo, che permette allo spettatore di assistere a una lezione di vita felice e appassionante, in una storia ambientata nell\u2019isolamento dell\u2019alta montagna, i cui protagonisti sono un ragazzo e il guardiano di una diga.<\/p>\n<p>E lo sguardo poetico, acuto e mai moralistico, unito a una regia rigorosa, che conserva un personalissimo tratto distintivo nell\u2019attenzione ai particolari e alle reazioni umane, conducono, gi\u00e0 nel 1961, al riconoscimento di Olmi come maestro del cinema italiano.<\/p>\n<p style=\"text-align: center;\"><a title=\"Acquista\" href=\"javascript:formcompra('1942',1);\"><img alt=\"Acquista l'articolo\" src=\"https:\/\/www.cittadellaeditrice.com\/munera\/wp-content\/uploads\/ico_acquista_digitale.jpg\" width=\"54\" height=\"54\" \/><\/a>\n<br \/><a title=\"Acquista\" href=\"javascript:formcompra('1942','1');\"> per continuare a leggere acquista questo articolo<\/a><\/p><p style=\"text-align:center\"><a href=\"https:\/\/www.cittadellaeditrice.com\/digital\/account\/\">Utente biblioteche abbonate: clicca qui \u00bb<\/a><\/p>","protected":false},"excerpt":{"rendered":"<p>\u00c8 un\u2019esperienza cinematografica diversa da tutte le altre, trovarsi di fronte agli occhi un\u2019opera di Ermanno Olmi, maestro di un cinema umile, rigoroso e al tempo stesso visionario e spirituale. Nato a Bergamo il 24&#8230;<\/p>\n","protected":false},"author":2,"featured_media":0,"parent":2840,"menu_order":0,"comment_status":"open","ping_status":"open","template":"","meta":[],"categories":[446],"tags":[46,336],"_links":{"self":[{"href":"https:\/\/www.cittadellaeditrice.com\/munera\/wp-json\/wp\/v2\/pages\/13207"}],"collection":[{"href":"https:\/\/www.cittadellaeditrice.com\/munera\/wp-json\/wp\/v2\/pages"}],"about":[{"href":"https:\/\/www.cittadellaeditrice.com\/munera\/wp-json\/wp\/v2\/types\/page"}],"author":[{"embeddable":true,"href":"https:\/\/www.cittadellaeditrice.com\/munera\/wp-json\/wp\/v2\/users\/2"}],"replies":[{"embeddable":true,"href":"https:\/\/www.cittadellaeditrice.com\/munera\/wp-json\/wp\/v2\/comments?post=13207"}],"version-history":[{"count":2,"href":"https:\/\/www.cittadellaeditrice.com\/munera\/wp-json\/wp\/v2\/pages\/13207\/revisions"}],"predecessor-version":[{"id":13221,"href":"https:\/\/www.cittadellaeditrice.com\/munera\/wp-json\/wp\/v2\/pages\/13207\/revisions\/13221"}],"up":[{"embeddable":true,"href":"https:\/\/www.cittadellaeditrice.com\/munera\/wp-json\/wp\/v2\/pages\/2840"}],"wp:attachment":[{"href":"https:\/\/www.cittadellaeditrice.com\/munera\/wp-json\/wp\/v2\/media?parent=13207"}],"wp:term":[{"taxonomy":"category","embeddable":true,"href":"https:\/\/www.cittadellaeditrice.com\/munera\/wp-json\/wp\/v2\/categories?post=13207"},{"taxonomy":"post_tag","embeddable":true,"href":"https:\/\/www.cittadellaeditrice.com\/munera\/wp-json\/wp\/v2\/tags?post=13207"}],"curies":[{"name":"wp","href":"https:\/\/api.w.org\/{rel}","templated":true}]}}

Munera 3/2018 &#8211; Andrea Chimento &gt;&gt; Il tempo si è fermato. Una riflessione sul cinema di Ermanno Olmi

<p>È un’esperienza cinematografica diversa da tutte le altre, trovarsi di fronte agli occhi un’opera di Ermanno Olmi, maestro di un cinema umile, rigoroso e al tempo stesso visionario e spirituale.</p>
<p>Nato a Bergamo il 24 luglio del 1931 e scomparso ad Asiago lo scorso 5 maggio 2018, Olmi cresce a Treviglio, in una famiglia profondamente cattolica, e rimane molto giovane orfano del padre, morto durante la Seconda guerra mondiale.</p>
<p>Da ragazzo si trasferisce a Milano per studiare recitazione e, per mantenersi, lavora presso la Edisonvolta, occupandosi delle attività ricreative per i dipendenti. Sarà qui che inizierà a muovere i primi passi con la macchina da presa, realizzando decine di documentari, in cui già si notano la sua cura e il tocco poetico nel ritrarre le persone all’interno dei contesti lavorativi.</p>
<p>E il suo esordio al lungometraggio, Il tempo si è fermato, del 1959, mostra proprio la natura documentaristica del suo stile, a partire dalla splendida ambientazione naturale. L’attenzione per la gente comune e la sacralità della natura sono ritratte in una narrazione scarna, ma allo stesso tempo con la leggerezza tipica dello sguardo benevolo, che permette allo spettatore di assistere a una lezione di vita felice e appassionante, in una storia ambientata nell’isolamento dell’alta montagna, i cui protagonisti sono un ragazzo e il guardiano di una diga.</p>
<p>E lo sguardo poetico, acuto e mai moralistico, unito a una regia rigorosa, che conserva un personalissimo tratto distintivo nell’attenzione ai particolari e alle reazioni umane, conducono, già nel 1961, al riconoscimento di Olmi come maestro del cinema italiano.</p>
<p style="text-align: center;"><a title="Acquista" href="javascript:formcompra('1942',1);"><img alt="Acquista l'articolo" src="https://www.cittadellaeditrice.com/munera/wp-content/uploads/ico_acquista_digitale.jpg" width="54" height="54" /></a>
<br /><a title="Acquista" href="javascript:formcompra('1942','1');"> per continuare a leggere acquista questo articolo</a></p><p style="text-align:center"><a href="https://www.cittadellaeditrice.com/digital/account/">Utente biblioteche abbonate: clicca qui »</a></p>

<p>È un’esperienza cinematografica diversa da tutte le altre, trovarsi di fronte agli occhi un’opera di Ermanno Olmi, maestro di un cinema umile, rigoroso e al tempo stesso visionario e spirituale. Nato a Bergamo il 24&#8230;</p>
