{"id":12576,"date":"2018-02-12T09:33:00","date_gmt":"2018-02-12T08:33:00","guid":{"rendered":"http:\/\/www.cittadellaeditrice.com\/munera\/?page_id=12576"},"modified":"2018-02-12T09:33:00","modified_gmt":"2018-02-12T08:33:00","slug":"munera-12018-unoriginale-percezione-della-realta-petros-papavassiliou","status":"publish","type":"page","link":"https:\/\/www.cittadellaeditrice.com\/munera\/tutti-gli-articoli\/munera-12018-unoriginale-percezione-della-realta-petros-papavassiliou\/","title":{"rendered":"Munera 1\/2018 &#8211; Un\u2019originale percezione della realt\u00e0: Petros Papavassiliou"},"content":{"rendered":"<p>Petros Papavassiliou (Atene, 6 dicembre 1928 \u2013 Milano, 12 settembre 2014), artista greco e figura di primo piano dell\u2019arte contemporanea, e\u0300 il pi\u00f9 giovane dei surrealisti astratti insieme a Max Ernst, Victor Brauner, Sebastian Matta, come lui appartenenti alla scuderia del gallerista Alexander Iolas, gi\u00e0 scopritore di Salvator Dal\u00ec, De Chirico e Magritte. Le sue opere, inconfondibili per vitalit\u00e0 e struttura compositiva, sono state ispirate e realizzate in Grecia, a Milano e sul Lago di Como, dove ha vissuto e operato.<\/p>\n<p>Petros rappresenta, attraverso la sua matrice surrealista astratta, un\u2019originale percezione della realt\u00e0. L\u2019energia che porta ogni elemento vivente verso una trasformazione, mutazione e dissoluzione precisa e predeterminata e\u0300 da sempre uno dei temi ricorrenti nella sua pittura. Certamente gli incontri con Wilfredo Lam e Sebastian Matta, che gli dedica una gouache con la frase \u201cper il bravo Petros pixturissimo\u201d, avranno un\u2019importante influenza sulla sua visione artistica. L\u2019esplorazione di corpi e forme, la loro deformazione e trasfigurazione sviluppano, attraverso caratteri cromatici netti, una serie infinita di letture possibili dell\u2019opera d\u2019arte, che diventa essa stessa mai statica, ma elemento vitale in continuo cambiamento.<\/p>\n<p style=\"text-align: center;\"><a title=\"Acquista\" href=\"javascript:formcompra('1615',1);\"><img alt=\"Acquista l'articolo\" src=\"https:\/\/www.cittadellaeditrice.com\/munera\/wp-content\/uploads\/ico_acquista_digitale.jpg\" width=\"54\" height=\"54\" \/><\/a>\n<br \/><a title=\"Acquista\" href=\"javascript:formcompra('1615','1');\"> per continuare a leggere acquista questo articolo<\/a><\/p><p style=\"text-align:center\"><a href=\"https:\/\/www.cittadellaeditrice.com\/digital\/account\/\">Utente biblioteche abbonate: clicca qui \u00bb<\/a><\/p>","protected":false},"excerpt":{"rendered":"<p>Petros Papavassiliou (Atene, 6 dicembre 1928 \u2013 Milano, 12 settembre 2014), artista greco e figura di primo piano dell\u2019arte contemporanea, e\u0300 il pi\u00f9 giovane dei surrealisti astratti insieme a Max Ernst, Victor Brauner, Sebastian Matta,&#8230;<\/p>\n","protected":false},"author":1,"featured_media":0,"parent":2840,"menu_order":0,"comment_status":"open","ping_status":"open","template":"","meta":[],"categories":[377],"tags":[8],"_links":{"self":[{"href":"https:\/\/www.cittadellaeditrice.com\/munera\/wp-json\/wp\/v2\/pages\/12576"}],"collection":[{"href":"https:\/\/www.cittadellaeditrice.com\/munera\/wp-json\/wp\/v2\/pages"}],"about":[{"href":"https:\/\/www.cittadellaeditrice.com\/munera\/wp-json\/wp\/v2\/types\/page"}],"author":[{"embeddable":true,"href":"https:\/\/www.cittadellaeditrice.com\/munera\/wp-json\/wp\/v2\/users\/1"}],"replies":[{"embeddable":true,"href":"https:\/\/www.cittadellaeditrice.com\/munera\/wp-json\/wp\/v2\/comments?post=12576"}],"version-history":[{"count":1,"href":"https:\/\/www.cittadellaeditrice.com\/munera\/wp-json\/wp\/v2\/pages\/12576\/revisions"}],"predecessor-version":[{"id":12577,"href":"https:\/\/www.cittadellaeditrice.com\/munera\/wp-json\/wp\/v2\/pages\/12576\/revisions\/12577"}],"up":[{"embeddable":true,"href":"https:\/\/www.cittadellaeditrice.com\/munera\/wp-json\/wp\/v2\/pages\/2840"}],"wp:attachment":[{"href":"https:\/\/www.cittadellaeditrice.com\/munera\/wp-json\/wp\/v2\/media?parent=12576"}],"wp:term":[{"taxonomy":"category","embeddable":true,"href":"https:\/\/www.cittadellaeditrice.com\/munera\/wp-json\/wp\/v2\/categories?post=12576"},{"taxonomy":"post_tag","embeddable":true,"href":"https:\/\/www.cittadellaeditrice.com\/munera\/wp-json\/wp\/v2\/tags?post=12576"}],"curies":[{"name":"wp","href":"https:\/\/api.w.org\/{rel}","templated":true}]}}