{"id":12261,"date":"2017-10-05T10:17:32","date_gmt":"2017-10-05T08:17:32","guid":{"rendered":"http:\/\/www.cittadellaeditrice.com\/munera\/?page_id=12261"},"modified":"2017-10-05T10:17:32","modified_gmt":"2017-10-05T08:17:32","slug":"munera-32017-davide-stanzione-il-deserto-del-reale-l11-settembre-nel-cinema-americano","status":"publish","type":"page","link":"https:\/\/www.cittadellaeditrice.com\/munera\/tutti-gli-articoli\/munera-32017-davide-stanzione-il-deserto-del-reale-l11-settembre-nel-cinema-americano\/","title":{"rendered":"Munera 3\/2017 &#8211; Davide Stanzione &gt;&gt; Il deserto del reale. L\u201911 settembre nel cinema americano"},"content":{"rendered":"<p>11 settembre 2001: l\u2019inaccessibile World Trade Center viene violato da due aerei che si schiantano a distanza ridotta l\u2019uno dall\u2019altro contro le Twin Towers, simbolo dell\u2019identit\u00e0 americana e del suo vigore. A distanza di sedici anni dal pi\u00f9 radicale evento traumatico del nuovo millennio, la sensazione che il secondo aereo non fosse una tragedia casuale n\u00e9 un\u2019orrenda fatalit\u00e0, ma un atto predeterminato, \u00e8 ancora nitida nella mente di tutti coloro che ebbero modo di vivere quel doppio impatto in diretta, confrontandosi con l\u2019enormit\u00e0 di uno schianto che avrebbe cambiato in profondit\u00e0 il corso della Storia, ma soprattutto il nostro rapporto con le sue manifestazioni dirette, in termini mediatici, televisivi, percettivi.<\/p>\n<p>Nessuna catastrofe vissuta fino a quel momento dall\u2019umanit\u00e0 eguagliava infatti l\u201911 settembre per forza immaginifica e per impatto visivo: si trattava di un attacco dagli echi fallici e mortiferi, un\u2019aggressione sia fisica sia simbolica al cuore e alle viscere della nazione pi\u00f9 potente al mondo, veicolata in maniera subdola, squarciando il cielo e la sua vastit\u00e0 infinita. Faceva dunque breccia, contemporaneamente, anche nel bacino delle nostre paure pi\u00f9 insondabili per tutto ci\u00f2 che di ignoto e di indefinibile ci attraversa e \u2013 quel che pi\u00f9 conta \u2013 ci sovrasta.<\/p>\n<p style=\"text-align: center;\"><a title=\"Acquista\" href=\"javascript:formcompra('1532',1);\"><img alt=\"Acquista l'articolo\" src=\"https:\/\/www.cittadellaeditrice.com\/munera\/wp-content\/uploads\/ico_acquista_digitale.jpg\" width=\"54\" height=\"54\" \/><\/a>\n<br \/><a title=\"Acquista\" href=\"javascript:formcompra('1532','1');\"> per continuare a leggere acquista questo articolo<\/a><\/p><p style=\"text-align:center\"><a href=\"https:\/\/www.cittadellaeditrice.com\/digital\/account\/\">Utente biblioteche abbonate: clicca qui \u00bb<\/a><\/p>","protected":false},"excerpt":{"rendered":"<p>11 settembre 2001: l\u2019inaccessibile World Trade Center viene violato da due aerei che si schiantano a distanza ridotta l\u2019uno dall\u2019altro contro le Twin Towers, simbolo dell\u2019identit\u00e0 americana e del suo vigore. A distanza di sedici&#8230;<\/p>\n","protected":false},"author":1,"featured_media":0,"parent":2840,"menu_order":0,"comment_status":"open","ping_status":"open","template":"","meta":[],"categories":[356],"tags":[46,358,357],"_links":{"self":[{"href":"https:\/\/www.cittadellaeditrice.com\/munera\/wp-json\/wp\/v2\/pages\/12261"}],"collection":[{"href":"https:\/\/www.cittadellaeditrice.com\/munera\/wp-json\/wp\/v2\/pages"}],"about":[{"href":"https:\/\/www.cittadellaeditrice.com\/munera\/wp-json\/wp\/v2\/types\/page"}],"author":[{"embeddable":true,"href":"https:\/\/www.cittadellaeditrice.com\/munera\/wp-json\/wp\/v2\/users\/1"}],"replies":[{"embeddable":true,"href":"https:\/\/www.cittadellaeditrice.com\/munera\/wp-json\/wp\/v2\/comments?post=12261"}],"version-history":[{"count":1,"href":"https:\/\/www.cittadellaeditrice.com\/munera\/wp-json\/wp\/v2\/pages\/12261\/revisions"}],"predecessor-version":[{"id":12262,"href":"https:\/\/www.cittadellaeditrice.com\/munera\/wp-json\/wp\/v2\/pages\/12261\/revisions\/12262"}],"up":[{"embeddable":true,"href":"https:\/\/www.cittadellaeditrice.com\/munera\/wp-json\/wp\/v2\/pages\/2840"}],"wp:attachment":[{"href":"https:\/\/www.cittadellaeditrice.com\/munera\/wp-json\/wp\/v2\/media?parent=12261"}],"wp:term":[{"taxonomy":"category","embeddable":true,"href":"https:\/\/www.cittadellaeditrice.com\/munera\/wp-json\/wp\/v2\/categories?post=12261"},{"taxonomy":"post_tag","embeddable":true,"href":"https:\/\/www.cittadellaeditrice.com\/munera\/wp-json\/wp\/v2\/tags?post=12261"}],"curies":[{"name":"wp","href":"https:\/\/api.w.org\/{rel}","templated":true}]}}