{"id":12253,"date":"2017-10-05T10:13:16","date_gmt":"2017-10-05T08:13:16","guid":{"rendered":"http:\/\/www.cittadellaeditrice.com\/munera\/?page_id=12253"},"modified":"2017-10-05T10:13:16","modified_gmt":"2017-10-05T08:13:16","slug":"munera-32017-pier-paolo-portinaro-democrazia-diritti-e-implosione-della-modernita","status":"publish","type":"page","link":"https:\/\/www.cittadellaeditrice.com\/munera\/tutti-gli-articoli\/munera-32017-pier-paolo-portinaro-democrazia-diritti-e-implosione-della-modernita\/","title":{"rendered":"Munera 3\/2017 &#8211; Pier Paolo Portinaro &gt;&gt; Democrazia, diritti e implosione della modernita\u0300"},"content":{"rendered":"<p>Dire modernit\u00e0 in economia \u00e8 dire, lo si ripete incessantemente, capitalismo, mercato, consumo di massa. Dire modernit\u00e0 in politica \u00e8 dire costituzione, democrazia e diritti. Al primo polo si addensano le demonizzazioni; al secondo, si accumulano le apologie. Ed \u00e8 incontestabile che la ragione moderna abbia operato facendo leva sulla dimensione giuridica come strumento per la neutralizzazione dei conflitti. La straordinaria fioritura del diritto nel secolo XIX, con la sua esaltazione del senso della misura, sfocia in assetti istituzionali caratterizzati da alto grado di certezza e organicit\u00e0: le codificazioni modellate sull\u2019esempio napoleonico e le costituzioni scritte, anch\u2019esse frutto di un ripensamento delle esperienze rivoluzionarie francesi.<\/p>\n<p>Al culmine di questo sviluppo, e in reazione alla rivolta antiformalistica della prima met\u00e0 del Novecento, il diritto viene tematizzato come il medium grazie al quale i risultati del processo democratico trovano espressione in norme fornite di legittimit\u00e0. La teoria discorsiva del diritto di Habermas \u2013 la risistemazione ad oggi pi\u00f9 rilevante del progetto filosofico-politico della modernit\u00e0 \u2013 attribuisce legittimit\u00e0 al diritto solo nella misura in cui siano gli stessi cittadini a decidere sulle norme cui sottostare e la procedura per produrre diritto sia sottoposta a controllo tramite argomentazione critica. Contro la riduzione del diritto a un insieme di princ\u00ecpi morali, proprio Habermas non si \u00e8 stancato di ribadire che i diritti umani, pur poggiando sull\u2019autonomia morale delle persone, acquistano forma positiva solo attraverso l\u2019autonomia politica dei cittadini.<\/p>\n<p>Tuttavia, la crescente moralizzazione delle forme di vita cui ha messo capo la cultura dei diritti ha ingenerato una divaricazione sempre pi\u00f9 accentuata tra i princ\u00ecpi del costituzionalismo e la democrazia. La modernit\u00e0 si \u00e8 impegnata in un progetto di sublimazione di s\u00e9 medesima che in definitiva si sta rivelando inattuabile. Cos\u00ec, nell\u2019accelerazione impressa alla storia dall\u2019ultima voluta della globalizzazione, la sintesi che le democrazie costituzionali del secondo Novecento avevano realizzato si allenta.<\/p>\n<p>Non \u00e8 un caso che anche le voci ostili a un discorso che ha finito per affermare il primato dei diritti sulla stessa dinamica democratica siano venute moltiplicandosi e radicalizzandosi.<\/p>\n<p style=\"text-align: center;\"><a title=\"Acquista\" href=\"javascript:formcompra('1528',1);\"><img alt=\"Acquista l'articolo\" src=\"https:\/\/www.cittadellaeditrice.com\/munera\/wp-content\/uploads\/ico_acquista_digitale.jpg\" width=\"54\" height=\"54\" \/><\/a>\n<br \/><a title=\"Acquista\" href=\"javascript:formcompra('1528','1');\"> per continuare a leggere acquista questo articolo<\/a><\/p><p style=\"text-align:center\"><a href=\"https:\/\/www.cittadellaeditrice.com\/digital\/account\/\">Utente biblioteche abbonate: clicca qui \u00bb<\/a><\/p>","protected":false},"excerpt":{"rendered":"<p>Dire modernit\u00e0 in economia \u00e8 dire, lo si ripete incessantemente, capitalismo, mercato, consumo di massa. Dire modernit\u00e0 in politica \u00e8 dire costituzione, democrazia e diritti. Al primo polo si addensano le demonizzazioni; al secondo, si&#8230;<\/p>\n","protected":false},"author":1,"featured_media":0,"parent":2840,"menu_order":0,"comment_status":"open","ping_status":"open","template":"","meta":[],"categories":[350],"tags":[9,351,352,340],"_links":{"self":[{"href":"https:\/\/www.cittadellaeditrice.com\/munera\/wp-json\/wp\/v2\/pages\/12253"}],"collection":[{"href":"https:\/\/www.cittadellaeditrice.com\/munera\/wp-json\/wp\/v2\/pages"}],"about":[{"href":"https:\/\/www.cittadellaeditrice.com\/munera\/wp-json\/wp\/v2\/types\/page"}],"author":[{"embeddable":true,"href":"https:\/\/www.cittadellaeditrice.com\/munera\/wp-json\/wp\/v2\/users\/1"}],"replies":[{"embeddable":true,"href":"https:\/\/www.cittadellaeditrice.com\/munera\/wp-json\/wp\/v2\/comments?post=12253"}],"version-history":[{"count":1,"href":"https:\/\/www.cittadellaeditrice.com\/munera\/wp-json\/wp\/v2\/pages\/12253\/revisions"}],"predecessor-version":[{"id":12254,"href":"https:\/\/www.cittadellaeditrice.com\/munera\/wp-json\/wp\/v2\/pages\/12253\/revisions\/12254"}],"up":[{"embeddable":true,"href":"https:\/\/www.cittadellaeditrice.com\/munera\/wp-json\/wp\/v2\/pages\/2840"}],"wp:attachment":[{"href":"https:\/\/www.cittadellaeditrice.com\/munera\/wp-json\/wp\/v2\/media?parent=12253"}],"wp:term":[{"taxonomy":"category","embeddable":true,"href":"https:\/\/www.cittadellaeditrice.com\/munera\/wp-json\/wp\/v2\/categories?post=12253"},{"taxonomy":"post_tag","embeddable":true,"href":"https:\/\/www.cittadellaeditrice.com\/munera\/wp-json\/wp\/v2\/tags?post=12253"}],"curies":[{"name":"wp","href":"https:\/\/api.w.org\/{rel}","templated":true}]}}