{"id":11978,"date":"2017-07-03T07:49:38","date_gmt":"2017-07-03T05:49:38","guid":{"rendered":"http:\/\/www.cittadellaeditrice.com\/munera\/?page_id=11978"},"modified":"2017-07-03T07:49:38","modified_gmt":"2017-07-03T05:49:38","slug":"munera-22017-antonia-conforto-il-fenomeno-del-bullismo","status":"publish","type":"page","link":"https:\/\/www.cittadellaeditrice.com\/munera\/tutti-gli-articoli\/munera-22017-antonia-conforto-il-fenomeno-del-bullismo\/","title":{"rendered":"Munera 2\/2017 &#8211; Antonia Conforto &gt;&gt; Il fenomeno del bullismo"},"content":{"rendered":"<p>Edmondo De Amicis nel libro <i>Cuore<\/i> (1888) descrive cos\u00ec Franti: \u00ab\u00c8 malvagio. Quando uno piange, egli ride. Provoca tutti i pi\u00f9 deboli di lui e quando fa a pugni, s\u2019inferocisce e tira a far male. Non teme nulla, ride in faccia al maestro, ruba quando pu\u00f2, nega con una faccia invetriata, \u00e8 sempre in lite con qualcheduno. Egli odia la scuola, odia i compagni, odia il maestro\u00bb.<\/p>\n<p>Il bullismo \u00e8 dunque sempre esistito, ma in questi ultimi anni se ne parla di pi\u00f9; gli episodi che la cronaca riporta sono frequenti e dolorosi. I dati statistici ci dicono che \u00e8 un fenomeno in aumento. Secondo il Sistema di sorveglianza HBSC, in tutte le regioni italiane su un campione di 63.148 studenti di 11, 13, 15 anni, tra il 2010 e il 2014, \u00e8 aumentato il numero dei ragazzi che dichiara di aver subito episodi di bullismo; in particolare \u00e8 aumentato in entrambi i sessi il numero degli undicenni (maschi: da 20.7% a 25.7% \u2013 femmine: da 9.2% a 17.3%). Un altro studio svolto tra il 2011 e il 2013 nelle scuole della Toscana ha portato all\u2019attuazione del Programma KiVa\u00a0 per la prevenzione e il contrasto del bullismo. Nelle scuole secondarie di secondo grado di Lucca, su un campione di 1000 studenti, il 29% ha dichiarato di essere vittima di bullismo. Nelle scuole primarie e secondarie di un quartiere a rischio della Toscana il fenomeno riguardava il 30%-50% del campione preso in esame (1000 studenti).<\/p>\n<p>Tali dati ci portano ad affermare che il bullismo c\u2019\u00e8 anche quando non si vede; bisogna farlo emergere per contrastarlo. Prima di tutto bisogna imparare a riconoscerlo dai segnali che la vittima invia. Anche i genitori devono essere addestrati a rilevare dei cambiamenti nel comportamento del proprio figlio che possano indicare che \u00e8 vittima di bullismo. Ad esempio,<\/p>\n<p>Qui vengono sintetizzati i due temi affrontati nel contributo: il legame tra questa risorsa e la realt\u00e0 della vita, che va oltre la sua materialit\u00e0 biologica, e il profilo giuridico strettamente connesso all\u2019interpretazione economica dei beni comuni, dei quali l\u2019acqua \u00e8 un esempio peculiare.<\/p>\n<p style=\"text-align: center;\"><a title=\"Acquista\" href=\"javascript:formcompra('1486',1);\"><img alt=\"Acquista l'articolo\" src=\"https:\/\/www.cittadellaeditrice.com\/munera\/wp-content\/uploads\/ico_acquista_digitale.jpg\" width=\"54\" height=\"54\" \/><\/a>\n<br \/><a title=\"Acquista\" href=\"javascript:formcompra('1486','1');\"> per continuare a leggere acquista questo articolo<\/a><\/p><p style=\"text-align:center\"><a href=\"https:\/\/www.cittadellaeditrice.com\/digital\/account\/\">Utente biblioteche abbonate: clicca qui \u00bb<\/a><\/p>","protected":false},"excerpt":{"rendered":"<p>Edmondo De Amicis nel libro Cuore (1888) descrive cos\u00ec Franti: \u00ab\u00c8 malvagio. Quando uno piange, egli ride. Provoca tutti i pi\u00f9 deboli di lui e quando fa a pugni, s\u2019inferocisce e tira a far male&#8230;.<\/p>\n","protected":false},"author":1,"featured_media":0,"parent":2840,"menu_order":0,"comment_status":"open","ping_status":"open","template":"","meta":[],"categories":[315],"tags":[328,255,17,329],"_links":{"self":[{"href":"https:\/\/www.cittadellaeditrice.com\/munera\/wp-json\/wp\/v2\/pages\/11978"}],"collection":[{"href":"https:\/\/www.cittadellaeditrice.com\/munera\/wp-json\/wp\/v2\/pages"}],"about":[{"href":"https:\/\/www.cittadellaeditrice.com\/munera\/wp-json\/wp\/v2\/types\/page"}],"author":[{"embeddable":true,"href":"https:\/\/www.cittadellaeditrice.com\/munera\/wp-json\/wp\/v2\/users\/1"}],"replies":[{"embeddable":true,"href":"https:\/\/www.cittadellaeditrice.com\/munera\/wp-json\/wp\/v2\/comments?post=11978"}],"version-history":[{"count":1,"href":"https:\/\/www.cittadellaeditrice.com\/munera\/wp-json\/wp\/v2\/pages\/11978\/revisions"}],"predecessor-version":[{"id":11979,"href":"https:\/\/www.cittadellaeditrice.com\/munera\/wp-json\/wp\/v2\/pages\/11978\/revisions\/11979"}],"up":[{"embeddable":true,"href":"https:\/\/www.cittadellaeditrice.com\/munera\/wp-json\/wp\/v2\/pages\/2840"}],"wp:attachment":[{"href":"https:\/\/www.cittadellaeditrice.com\/munera\/wp-json\/wp\/v2\/media?parent=11978"}],"wp:term":[{"taxonomy":"category","embeddable":true,"href":"https:\/\/www.cittadellaeditrice.com\/munera\/wp-json\/wp\/v2\/categories?post=11978"},{"taxonomy":"post_tag","embeddable":true,"href":"https:\/\/www.cittadellaeditrice.com\/munera\/wp-json\/wp\/v2\/tags?post=11978"}],"curies":[{"name":"wp","href":"https:\/\/api.w.org\/{rel}","templated":true}]}}