{"id":11581,"date":"2017-02-09T11:03:59","date_gmt":"2017-02-09T10:03:59","guid":{"rendered":"http:\/\/www.cittadellaeditrice.com\/munera\/?page_id=11581"},"modified":"2017-02-09T11:03:59","modified_gmt":"2017-02-09T10:03:59","slug":"munera-12017-maria-antonietta-crippa-tappe-del-dialogo-tra-culto-e-cultura-artistica-nel-xx-secolo","status":"publish","type":"page","link":"https:\/\/www.cittadellaeditrice.com\/munera\/tutti-gli-articoli\/munera-12017-maria-antonietta-crippa-tappe-del-dialogo-tra-culto-e-cultura-artistica-nel-xx-secolo\/","title":{"rendered":"Munera 1\/2017 &#8211; Maria Antonietta Crippa &gt;&gt; Tappe del dialogo tra culto e cultura artistica nel XX secolo"},"content":{"rendered":"<p>Scontro spesso aspro e dialogo difficile, eppure fecondo bench\u00e9 mai pacificato, hanno caratterizzato le relazioni tra religione e cultura artistica lungo il XX secolo in ambito cattolico. Con queste brevi riflessioni intorno alla loro vitalit\u00e0, che meriterebbe di essere raccontata nelle sue concrete e numerose varianti, intendo soffermarmi su alcuni passaggi che mi paiono cruciali. Tralascio preoccupazioni di sistematicit\u00e0 per offrire qualche sonda esplorativa, non solo dell\u2019intensit\u00e0 di ricerca espressiva tuttora in corso, ma anche delle direttive che l\u2019hanno promossa.<\/p>\n<p>Mi muove l\u2019intenzione di oppormi al rischio, oggi incombente, di una dispersione di significato e acquisti, maturati nel secolo che ci sta alle spalle, causata dal disorientante e rapissimo mutare delle condizioni in cui ci troviamo a vivere e dal conseguente susseguirsi di atteggiamenti che sembrano contrastare ogni possibilit\u00e0 di senso storico contemporaneo. Nel XX secolo invece, tra enormi sofferenze e contraddizioni radicali, sono stati tracciati anche fili d\u2019oro di una cultura con radici nella coscienza religiosa nostra e dei nostri contemporanei; questo secolo infelice \u00e8 stato, infatti, popolato da testimoni capaci di coniugare in modo eccelso religione e cultura e da orientamenti, preziosi per la continuit\u00e0 delle culture di matrice cristiana, da intendere come eredit\u00e0 o, se si vuole, come tradizione rinnovata da non sottovalutare e ancor pi\u00f9 da non disperdere.<\/p>\n<p style=\"text-align: center;\"><a title=\"Acquista\" href=\"javascript:formcompra('1426',1);\"><img alt=\"Acquista l'articolo\" src=\"https:\/\/www.cittadellaeditrice.com\/munera\/wp-content\/uploads\/ico_acquista_digitale.jpg\" width=\"54\" height=\"54\" \/><\/a>\n<br \/><a title=\"Acquista\" href=\"javascript:formcompra('1426','1');\"> per continuare a leggere acquista questo articolo<\/a><\/p><p style=\"text-align:center\"><a href=\"https:\/\/www.cittadellaeditrice.com\/digital\/account\/\">Utente biblioteche abbonate: clicca qui \u00bb<\/a><\/p>","protected":false},"excerpt":{"rendered":"<p>Scontro spesso aspro e dialogo difficile, eppure fecondo bench\u00e9 mai pacificato, hanno caratterizzato le relazioni tra religione e cultura artistica lungo il XX secolo in ambito cattolico. Con queste brevi riflessioni intorno alla loro vitalit\u00e0,&#8230;<\/p>\n","protected":false},"author":1,"featured_media":0,"parent":2840,"menu_order":0,"comment_status":"open","ping_status":"open","template":"","meta":[],"categories":[156],"tags":[216,7,299,294],"_links":{"self":[{"href":"https:\/\/www.cittadellaeditrice.com\/munera\/wp-json\/wp\/v2\/pages\/11581"}],"collection":[{"href":"https:\/\/www.cittadellaeditrice.com\/munera\/wp-json\/wp\/v2\/pages"}],"about":[{"href":"https:\/\/www.cittadellaeditrice.com\/munera\/wp-json\/wp\/v2\/types\/page"}],"author":[{"embeddable":true,"href":"https:\/\/www.cittadellaeditrice.com\/munera\/wp-json\/wp\/v2\/users\/1"}],"replies":[{"embeddable":true,"href":"https:\/\/www.cittadellaeditrice.com\/munera\/wp-json\/wp\/v2\/comments?post=11581"}],"version-history":[{"count":1,"href":"https:\/\/www.cittadellaeditrice.com\/munera\/wp-json\/wp\/v2\/pages\/11581\/revisions"}],"predecessor-version":[{"id":11582,"href":"https:\/\/www.cittadellaeditrice.com\/munera\/wp-json\/wp\/v2\/pages\/11581\/revisions\/11582"}],"up":[{"embeddable":true,"href":"https:\/\/www.cittadellaeditrice.com\/munera\/wp-json\/wp\/v2\/pages\/2840"}],"wp:attachment":[{"href":"https:\/\/www.cittadellaeditrice.com\/munera\/wp-json\/wp\/v2\/media?parent=11581"}],"wp:term":[{"taxonomy":"category","embeddable":true,"href":"https:\/\/www.cittadellaeditrice.com\/munera\/wp-json\/wp\/v2\/categories?post=11581"},{"taxonomy":"post_tag","embeddable":true,"href":"https:\/\/www.cittadellaeditrice.com\/munera\/wp-json\/wp\/v2\/tags?post=11581"}],"curies":[{"name":"wp","href":"https:\/\/api.w.org\/{rel}","templated":true}]}}