{"id":11579,"date":"2017-02-09T11:02:41","date_gmt":"2017-02-09T10:02:41","guid":{"rendered":"http:\/\/www.cittadellaeditrice.com\/munera\/?page_id=11579"},"modified":"2017-02-09T11:02:41","modified_gmt":"2017-02-09T10:02:41","slug":"munera-12017-annamaria-cascetta-cultura-teatrale-e-religione-nelloccidente-cristiano","status":"publish","type":"page","link":"https:\/\/www.cittadellaeditrice.com\/munera\/tutti-gli-articoli\/munera-12017-annamaria-cascetta-cultura-teatrale-e-religione-nelloccidente-cristiano\/","title":{"rendered":"Munera 1\/2017 &#8211; Annamaria Cascetta &gt;&gt; Cultura teatrale e religione nell\u2019Occidente cristiano"},"content":{"rendered":"<p>Storicamente contiguo alla pratica rituale e insieme ascrivibile all\u2019area della pratica artistica, il teatro possiede connotati che lo rendono adatto a fare esperienza del religioso, se si assume il termine in senso lato, come domanda sul legame con il fondamento di senso dell\u2019esistenza dell\u2019uomo e del mondo. \u00c8 una domanda che, formulata dall\u2019artista teatrale, \u00absi invera\u00bb direbbe un pioniere degli studi teatrali, Mario Apollonio, attraverso il segno scenico, nel corpo dell\u2019attore e nel corpo del \u201ccoro\u201d, ossia il pubblico (dove \u201cpubblico\u201d \u00e8 inteso in un\u2019accezione radicata nell\u2019antico, ben pi\u00f9 forte dell\u2019idea moderna e voyeuristica di spettatore).<\/p>\n<p>Oggi gli studi teatrali e i curricula universitari registrano anche in ambienti accademici laici e secolarizzati, per esempio anglosassoni, una rinnovata attenzione al rapporto fra religione e teatro. Declinata in espressioni differenti, quali \u00abperformance in religion\u00bb, \u00abreligion in performance\u00bb, \u00abreligion as performance\u00bb, viene sostenuta l\u2019opportunit\u00e0 di un\u2019attenzione per questo tema della cultura (la religione, appunto) rimosso per varie ragioni rispetto ad altri temi pi\u00f9 gettonati (il gender, il sesso, la classe, l\u2019etnia, il postcolonialismo\u2026). La religione \u00e8 quindi indicata come elemento costitutivo dell\u2019identit\u00e0 umana. Buon segno, ma \u00e8 poco. La questione tocca infatti corde esperienziali che vanno al di l\u00e0 dell\u2019opportunit\u00e0 di offrire un\u2019informazione fra le altre all\u2019interno di un programma di studi.<\/p>\n<p style=\"text-align: center;\"><a title=\"Acquista\" href=\"javascript:formcompra('1425',1);\"><img alt=\"Acquista l'articolo\" src=\"https:\/\/www.cittadellaeditrice.com\/munera\/wp-content\/uploads\/ico_acquista_digitale.jpg\" width=\"54\" height=\"54\" \/><\/a>\n<br \/><a title=\"Acquista\" href=\"javascript:formcompra('1425','1');\"> per continuare a leggere acquista questo articolo<\/a><\/p><p style=\"text-align:center\"><a href=\"https:\/\/www.cittadellaeditrice.com\/digital\/account\/\">Utente biblioteche abbonate: clicca qui \u00bb<\/a><\/p>","protected":false},"excerpt":{"rendered":"<p>Storicamente contiguo alla pratica rituale e insieme ascrivibile all\u2019area della pratica artistica, il teatro possiede connotati che lo rendono adatto a fare esperienza del religioso, se si assume il termine in senso lato, come domanda&#8230;<\/p>\n","protected":false},"author":1,"featured_media":0,"parent":2840,"menu_order":0,"comment_status":"open","ping_status":"open","template":"","meta":[],"categories":[298],"tags":[7,294,81],"_links":{"self":[{"href":"https:\/\/www.cittadellaeditrice.com\/munera\/wp-json\/wp\/v2\/pages\/11579"}],"collection":[{"href":"https:\/\/www.cittadellaeditrice.com\/munera\/wp-json\/wp\/v2\/pages"}],"about":[{"href":"https:\/\/www.cittadellaeditrice.com\/munera\/wp-json\/wp\/v2\/types\/page"}],"author":[{"embeddable":true,"href":"https:\/\/www.cittadellaeditrice.com\/munera\/wp-json\/wp\/v2\/users\/1"}],"replies":[{"embeddable":true,"href":"https:\/\/www.cittadellaeditrice.com\/munera\/wp-json\/wp\/v2\/comments?post=11579"}],"version-history":[{"count":1,"href":"https:\/\/www.cittadellaeditrice.com\/munera\/wp-json\/wp\/v2\/pages\/11579\/revisions"}],"predecessor-version":[{"id":11580,"href":"https:\/\/www.cittadellaeditrice.com\/munera\/wp-json\/wp\/v2\/pages\/11579\/revisions\/11580"}],"up":[{"embeddable":true,"href":"https:\/\/www.cittadellaeditrice.com\/munera\/wp-json\/wp\/v2\/pages\/2840"}],"wp:attachment":[{"href":"https:\/\/www.cittadellaeditrice.com\/munera\/wp-json\/wp\/v2\/media?parent=11579"}],"wp:term":[{"taxonomy":"category","embeddable":true,"href":"https:\/\/www.cittadellaeditrice.com\/munera\/wp-json\/wp\/v2\/categories?post=11579"},{"taxonomy":"post_tag","embeddable":true,"href":"https:\/\/www.cittadellaeditrice.com\/munera\/wp-json\/wp\/v2\/tags?post=11579"}],"curies":[{"name":"wp","href":"https:\/\/api.w.org\/{rel}","templated":true}]}}