{"id":11191,"date":"2016-10-26T14:38:16","date_gmt":"2016-10-26T12:38:16","guid":{"rendered":"http:\/\/www.cittadellaeditrice.com\/munera\/?page_id=11191"},"modified":"2016-10-26T14:38:16","modified_gmt":"2016-10-26T12:38:16","slug":"munera-32016-luigi-f-pizzolato-se-gesu-fosse-rimasto-a-nazaret","status":"publish","type":"page","link":"https:\/\/www.cittadellaeditrice.com\/munera\/tutti-gli-articoli\/munera-32016-luigi-f-pizzolato-se-gesu-fosse-rimasto-a-nazaret\/","title":{"rendered":"Munera 3\/2016 &#8211; Luigi F. Pizzolato &gt;&gt; Se Ges\u00f9 fosse rimasto a Nazaret"},"content":{"rendered":"<p>La storia non si fa con i \u201cse\u201d, ma questo non vuole essere un intervento storico. Infatti la risposta \u2013 qualunque sia \u2013 non pu\u00f2 contare su dati di fatto che forniscano motivi certificati. Vale la pena, tuttavia, di ragionarci sopra mediante la logica, cio\u00e8 cercando di trovare una coerenza con la persona di Ges\u00f9 e la sua missione e con quello che la tradizione cristiana ha elaborato in proposito.<\/p>\n<p>Nel saggio <i>Il Signore<\/i>, Romano Guardini ricostruisce la storia dell\u2019incarnazione di Ges\u00f9 su un\u2019ipotesi irreale: se Israele avesse creduto a Ges\u00f9. Al di l\u00e0 del risultato, che potr\u00e0 sembrare storicamente paradossale, la scelta lascia emergere alcune verit\u00e0 di ordine ermeneutico coerenti con la figura di Ges\u00f9. Sia quindi permesso anche nel presente contributo di utilizzare lo stesso strumento d\u2019analisi, mossi solo dalla provocazione che quella domanda pu\u00f2 porre all\u2019evangelizzazione nel mondo attuale.<\/p>\n<p>Che la vita di Nazaret sia stata un necessario prologo, di tipo biologico e paideutico (doveva pur crescere da qualche parte!), sembra la risposta pi\u00f9 immediata. Avviene per tanti personaggi della storia che la personalit\u00e0 vera emerga solo in et\u00e0 cosciente e adulta, tanto da rendere neutra e pressoch\u00e9 insignificante l\u2019origine. Ma qui non pu\u00f2 bastare.<\/p>\n<p style=\"text-align: center;\"><a title=\"Acquista\" href=\"javascript:formcompra('677',1);\"><img alt=\"Acquista l'articolo\" src=\"https:\/\/www.cittadellaeditrice.com\/munera\/wp-content\/uploads\/ico_acquista_digitale.jpg\" width=\"54\" height=\"54\" \/><\/a>\n<br \/><a title=\"Acquista\" href=\"javascript:formcompra('677','1');\"> per continuare a leggere acquista questo articolo<\/a><\/p><p style=\"text-align:center\"><a href=\"https:\/\/www.cittadellaeditrice.com\/digital\/account\/\">Utente biblioteche abbonate: clicca qui \u00bb<\/a><\/p>","protected":false},"excerpt":{"rendered":"<p>La storia non si fa con i \u201cse\u201d, ma questo non vuole essere un intervento storico. Infatti la risposta \u2013 qualunque sia \u2013 non pu\u00f2 contare su dati di fatto che forniscano motivi certificati. Vale&#8230;<\/p>\n","protected":false},"author":1,"featured_media":0,"parent":2840,"menu_order":0,"comment_status":"open","ping_status":"open","template":"","meta":[],"categories":[260],"tags":[261,262],"_links":{"self":[{"href":"https:\/\/www.cittadellaeditrice.com\/munera\/wp-json\/wp\/v2\/pages\/11191"}],"collection":[{"href":"https:\/\/www.cittadellaeditrice.com\/munera\/wp-json\/wp\/v2\/pages"}],"about":[{"href":"https:\/\/www.cittadellaeditrice.com\/munera\/wp-json\/wp\/v2\/types\/page"}],"author":[{"embeddable":true,"href":"https:\/\/www.cittadellaeditrice.com\/munera\/wp-json\/wp\/v2\/users\/1"}],"replies":[{"embeddable":true,"href":"https:\/\/www.cittadellaeditrice.com\/munera\/wp-json\/wp\/v2\/comments?post=11191"}],"version-history":[{"count":1,"href":"https:\/\/www.cittadellaeditrice.com\/munera\/wp-json\/wp\/v2\/pages\/11191\/revisions"}],"predecessor-version":[{"id":11192,"href":"https:\/\/www.cittadellaeditrice.com\/munera\/wp-json\/wp\/v2\/pages\/11191\/revisions\/11192"}],"up":[{"embeddable":true,"href":"https:\/\/www.cittadellaeditrice.com\/munera\/wp-json\/wp\/v2\/pages\/2840"}],"wp:attachment":[{"href":"https:\/\/www.cittadellaeditrice.com\/munera\/wp-json\/wp\/v2\/media?parent=11191"}],"wp:term":[{"taxonomy":"category","embeddable":true,"href":"https:\/\/www.cittadellaeditrice.com\/munera\/wp-json\/wp\/v2\/categories?post=11191"},{"taxonomy":"post_tag","embeddable":true,"href":"https:\/\/www.cittadellaeditrice.com\/munera\/wp-json\/wp\/v2\/tags?post=11191"}],"curies":[{"name":"wp","href":"https:\/\/api.w.org\/{rel}","templated":true}]}}