{"id":10253,"date":"2016-02-15T20:38:27","date_gmt":"2016-02-15T19:38:27","guid":{"rendered":"http:\/\/www.cittadellaeditrice.com\/munera\/?page_id=10253"},"modified":"2016-02-15T20:38:27","modified_gmt":"2016-02-15T19:38:27","slug":"munera-12016-alessandro-zaccuri-innocenza-ed-esperienza-lo-sguardo-del-narratore-sulla-realta","status":"publish","type":"page","link":"https:\/\/www.cittadellaeditrice.com\/munera\/tutti-gli-articoli\/munera-12016-alessandro-zaccuri-innocenza-ed-esperienza-lo-sguardo-del-narratore-sulla-realta\/","title":{"rendered":"Munera 1\/2016 &#8211; Alessandro Zaccuri &gt;&gt; Innocenza ed esperienza. Lo sguardo del narratore sulla realt\u00e0"},"content":{"rendered":"<p>Come ogni narratore che si rispetti, anche Harper Lee nutre una naturale propensione per quelle che potremmo definire \u201cfalse apparenze\u201d. Esteriormente simili ai princ\u00ecpi compositivi cari alle scuole di scrittura creativa (presentazione dei personaggi, loro ruolo rispetto alla trama, etc.), le false apparenze appartengono alla struttura pi\u00f9 intima del racconto. Sono quegli elementi di cui il narratore stesso sembra assumere cognizione in modo graduale, comprendendo solo da ultimo di aver raccontato una storia che \u00e8, in sostanza, molto diversa rispetto a quella che pensava di voler raccontare. L\u2019involucro rimane intatto, ma dal di dentro qualcosa preme e chiede di essere rivelato.<\/p>\n<p>Non \u00e8 il tipico colpo di scena, tant\u2019\u00e8 vero che la vicenda pu\u00f2 continuare a scorrere indisturbata. \u00c8 una dimensione di consapevolezza che si proietta, retroattivamente, sull\u2019intera narrazione, precisandola senza trasformarla. Una luce favorevole, uno sguardo messo a fuoco. L\u2019apparenza non muta, pur essendo sottoposta a un radicale processo di falsificazione. Finora abbiamo visto qualcosa senza veramente capire di che cosa si trattasse. Adesso conosciamo e riconosciamo con chiarezza.<\/p>\n<p style=\"text-align: center;\"><a title=\"Acquista\" href=\"javascript:formcompra('521',1);\"><img alt=\"Acquista l'articolo\" src=\"https:\/\/www.cittadellaeditrice.com\/munera\/wp-content\/uploads\/ico_acquista_digitale.jpg\" width=\"54\" height=\"54\" \/><\/a>\n<br \/><a title=\"Acquista\" href=\"javascript:formcompra('521','1');\"> per continuare a leggere acquista questo articolo<\/a><\/p><p style=\"text-align:center\"><a href=\"https:\/\/www.cittadellaeditrice.com\/digital\/account\/\">Utente biblioteche abbonate: clicca qui \u00bb<\/a><\/p>","protected":false},"excerpt":{"rendered":"<p>Come ogni narratore che si rispetti, anche Harper Lee nutre una naturale propensione per quelle che potremmo definire \u201cfalse apparenze\u201d. Esteriormente simili ai princ\u00ecpi compositivi cari alle scuole di scrittura creativa (presentazione dei personaggi, loro&#8230;<\/p>\n","protected":false},"author":2,"featured_media":0,"parent":2840,"menu_order":0,"comment_status":"open","ping_status":"open","template":"","meta":[],"categories":[71],"tags":[46,7,187],"_links":{"self":[{"href":"https:\/\/www.cittadellaeditrice.com\/munera\/wp-json\/wp\/v2\/pages\/10253"}],"collection":[{"href":"https:\/\/www.cittadellaeditrice.com\/munera\/wp-json\/wp\/v2\/pages"}],"about":[{"href":"https:\/\/www.cittadellaeditrice.com\/munera\/wp-json\/wp\/v2\/types\/page"}],"author":[{"embeddable":true,"href":"https:\/\/www.cittadellaeditrice.com\/munera\/wp-json\/wp\/v2\/users\/2"}],"replies":[{"embeddable":true,"href":"https:\/\/www.cittadellaeditrice.com\/munera\/wp-json\/wp\/v2\/comments?post=10253"}],"version-history":[{"count":3,"href":"https:\/\/www.cittadellaeditrice.com\/munera\/wp-json\/wp\/v2\/pages\/10253\/revisions"}],"predecessor-version":[{"id":10614,"href":"https:\/\/www.cittadellaeditrice.com\/munera\/wp-json\/wp\/v2\/pages\/10253\/revisions\/10614"}],"up":[{"embeddable":true,"href":"https:\/\/www.cittadellaeditrice.com\/munera\/wp-json\/wp\/v2\/pages\/2840"}],"wp:attachment":[{"href":"https:\/\/www.cittadellaeditrice.com\/munera\/wp-json\/wp\/v2\/media?parent=10253"}],"wp:term":[{"taxonomy":"category","embeddable":true,"href":"https:\/\/www.cittadellaeditrice.com\/munera\/wp-json\/wp\/v2\/categories?post=10253"},{"taxonomy":"post_tag","embeddable":true,"href":"https:\/\/www.cittadellaeditrice.com\/munera\/wp-json\/wp\/v2\/tags?post=10253"}],"curies":[{"name":"wp","href":"https:\/\/api.w.org\/{rel}","templated":true}]}}