{"id":10232,"date":"2016-02-15T20:18:08","date_gmt":"2016-02-15T19:18:08","guid":{"rendered":"http:\/\/www.cittadellaeditrice.com\/munera\/?page_id=10232"},"modified":"2016-02-15T20:18:08","modified_gmt":"2016-02-15T19:18:08","slug":"munera-12016-paolo-branca-islam-e-democrazia","status":"publish","type":"page","link":"https:\/\/www.cittadellaeditrice.com\/munera\/tutti-gli-articoli\/munera-12016-paolo-branca-islam-e-democrazia\/","title":{"rendered":"Munera 1\/2016 &#8211; Paolo Branca &gt;&gt; Islam e democrazia"},"content":{"rendered":"<p>Credo che la cosa pi\u00f9 utile nell\u2019affrontare questo argomento sia prendere le mosse dalle recenti \u201cprimavere arabe\u201d che tante speranze avevano suscitato, ma che altrettante delusioni sembrano registrare di fronte alla caotica situazione che sta sconvolgendo Medio Oriente e Nordafrica.<\/p>\n<p>Due precisazioni tuttavia s\u2019impongono in via preliminare. I paesi arabi, nonostante la loro importanza e l\u2019interesse che dovrebbero suscitare su noi dirimpettai europei, non rappresentano che il 20% dell\u2019immenso mondo musulmano. Da ci\u00f2 deriva come le loro vicende, per quanto talvolta paradigmatiche di pi\u00f9 generali problematiche, non esauriscono la gamma davvero ampia e articolata delle relazioni fra identit\u00e0 religiosa e istituzioni politiche che dal Marocco all\u2019Indonesia \u2013 e lungo un arco di molti secoli \u2013 si sono instaurate in ambito islamico. La seconda considerazione \u00e8 di carattere pi\u00f9 terminologico, ma non meno rilevante: parlare di \u201cprimavere arabe\u201d \u00e8 improprio e fuorviante in quanto gli eventi politici non possono essere paragonati a cicli naturali che si ripresentano a scadenza fissa. \u00c9 meglio definirli \u201crisvegli\u201d, tenendo presente che destarsi, ad esempio dal coma, da un\u2019anestesia, dopo una lunga degenza o semplicemente da un brutto sogno, \u00e8 certamente il primo passo per uscire dal torpore, ma pu\u00f2 essere molto traumatico, se non altro per la maggior consapevolezza della propria situazione, che si recupera d\u2019un tratto e che non \u00e8 detto ci trovi nelle condizioni ideali per reagire adeguatamente.<\/p>\n<p style=\"text-align: center;\">\n<p style=\"text-align: center;\"><a title=\"Acquista\" href=\"javascript:formcompra('513',1);\"><img alt=\"Acquista l'articolo\" src=\"https:\/\/www.cittadellaeditrice.com\/munera\/wp-content\/uploads\/ico_acquista_digitale.jpg\" width=\"54\" height=\"54\" \/><\/a>\n<br \/><a title=\"Acquista\" href=\"javascript:formcompra('513','1');\"> per continuare a leggere acquista questo articolo<\/a><\/p><p style=\"text-align:center\"><a href=\"https:\/\/www.cittadellaeditrice.com\/digital\/account\/\">Utente biblioteche abbonate: clicca qui \u00bb<\/a><\/p>","protected":false},"excerpt":{"rendered":"<p>Credo che la cosa pi\u00f9 utile nell\u2019affrontare questo argomento sia prendere le mosse dalle recenti \u201cprimavere arabe\u201d che tante speranze avevano suscitato, ma che altrettante delusioni sembrano registrare di fronte alla caotica situazione che sta&#8230;<\/p>\n","protected":false},"author":2,"featured_media":0,"parent":2840,"menu_order":0,"comment_status":"open","ping_status":"open","template":"","meta":[],"categories":[163],"tags":[27,9,24],"_links":{"self":[{"href":"https:\/\/www.cittadellaeditrice.com\/munera\/wp-json\/wp\/v2\/pages\/10232"}],"collection":[{"href":"https:\/\/www.cittadellaeditrice.com\/munera\/wp-json\/wp\/v2\/pages"}],"about":[{"href":"https:\/\/www.cittadellaeditrice.com\/munera\/wp-json\/wp\/v2\/types\/page"}],"author":[{"embeddable":true,"href":"https:\/\/www.cittadellaeditrice.com\/munera\/wp-json\/wp\/v2\/users\/2"}],"replies":[{"embeddable":true,"href":"https:\/\/www.cittadellaeditrice.com\/munera\/wp-json\/wp\/v2\/comments?post=10232"}],"version-history":[{"count":2,"href":"https:\/\/www.cittadellaeditrice.com\/munera\/wp-json\/wp\/v2\/pages\/10232\/revisions"}],"predecessor-version":[{"id":10234,"href":"https:\/\/www.cittadellaeditrice.com\/munera\/wp-json\/wp\/v2\/pages\/10232\/revisions\/10234"}],"up":[{"embeddable":true,"href":"https:\/\/www.cittadellaeditrice.com\/munera\/wp-json\/wp\/v2\/pages\/2840"}],"wp:attachment":[{"href":"https:\/\/www.cittadellaeditrice.com\/munera\/wp-json\/wp\/v2\/media?parent=10232"}],"wp:term":[{"taxonomy":"category","embeddable":true,"href":"https:\/\/www.cittadellaeditrice.com\/munera\/wp-json\/wp\/v2\/categories?post=10232"},{"taxonomy":"post_tag","embeddable":true,"href":"https:\/\/www.cittadellaeditrice.com\/munera\/wp-json\/wp\/v2\/tags?post=10232"}],"curies":[{"name":"wp","href":"https:\/\/api.w.org\/{rel}","templated":true}]}}